CRAN Package Check Results for Package TSfame

Last updated on 2021-12-03 00:49:00 CET.

Flavor Version Tinstall Tcheck Ttotal Status Flags
r-devel-linux-x86_64-debian-clang 2015.4-1 6.09 55.58 61.67 NOTE
r-devel-linux-x86_64-debian-gcc 2015.4-1 5.24 43.07 48.31 NOTE
r-devel-linux-x86_64-fedora-clang 2015.4-1 92.07 NOTE
r-devel-linux-x86_64-fedora-gcc 2015.4-1 76.58 NOTE
r-devel-windows-x86_64-new-UL 2015.4-1 17.00 102.00 119.00 NOTE
r-devel-windows-x86_64-new-TK 2015.4-1 NOTE
r-devel-windows-x86_64-old 2015.4-1 10.00 59.00 69.00 NOTE
r-patched-linux-x86_64 2015.4-1 9.56 52.93 62.49 NOTE
r-patched-solaris-x86 2015.4-1 106.50 NOTE
r-release-linux-x86_64 2015.4-1 6.09 53.08 59.17 NOTE
r-release-macos-arm64 2015.4-1 NOTE
r-release-macos-x86_64 2015.4-1 NOTE
r-release-windows-ix86+x86_64 2015.4-1 15.00 76.00 91.00 NOTE
r-oldrel-macos-x86_64 2015.4-1 NOTE
r-oldrel-windows-ix86+x86_64 2015.4-1 14.00 80.00 94.00 NOTE

Check Details

Version: 2015.4-1
Check: R code for possible problems
Result: NOTE
    vintageMap: no visible global function definition for 'read.table'
    TSget,character-TSfameLocalConnection: no visible global function
     definition for 'as.ts'
    TSget,character-TSfameLocalConnection: no visible global function
     definition for 'zoo'
    TSget,character-TSfameLocalConnection: no visible global function
     definition for 'frequency'
    TSget,character-TSfameServerConnection: no visible global function
     definition for 'as.ts'
    TSget,character-TSfameServerConnection: no visible global function
     definition for 'zoo'
    TSget,character-TSfameServerConnection: no visible global function
     definition for 'frequency'
    Undefined global functions or variables:
     as.ts frequency read.table zoo
    Consider adding
     importFrom("stats", "as.ts", "frequency")
     importFrom("utils", "read.table")
    to your NAMESPACE file.
Flavors: r-devel-linux-x86_64-debian-clang, r-devel-linux-x86_64-debian-gcc, r-devel-linux-x86_64-fedora-clang, r-devel-linux-x86_64-fedora-gcc, r-devel-windows-x86_64-new-UL, r-devel-windows-x86_64-new-TK, r-devel-windows-x86_64-old, r-patched-linux-x86_64, r-patched-solaris-x86, r-release-linux-x86_64, r-release-macos-arm64, r-release-macos-x86_64, r-release-windows-ix86+x86_64, r-oldrel-macos-x86_64, r-oldrel-windows-ix86+x86_64