CRAN Package Check Results for Package TSmisc

Last updated on 2021-11-29 00:48:44 CET.

Flavor Version Tinstall Tcheck Ttotal Status Flags
r-devel-linux-x86_64-debian-clang 2016.8-1 OK
r-devel-linux-x86_64-debian-gcc 2016.8-1 6.30 50.03 56.33 OK
r-devel-linux-x86_64-fedora-clang 2016.8-1 104.40 OK
r-devel-linux-x86_64-fedora-gcc 2016.8-1 88.42 OK
r-devel-windows-x86_64-new-UL 2016.8-1 17.00 118.00 135.00 ERROR
r-devel-windows-x86_64-new-TK 2016.8-1 OK
r-devel-windows-x86_64-old 2016.8-1 10.00 92.00 102.00 OK
r-patched-linux-x86_64 2016.8-1 7.01 62.16 69.17 OK
r-patched-solaris-x86 2016.8-1 124.90 OK
r-release-linux-x86_64 2016.8-1 7.91 62.65 70.56 OK
r-release-macos-arm64 2016.8-1 OK
r-release-macos-x86_64 2016.8-1 OK
r-release-windows-ix86+x86_64 2016.8-1 19.00 65.00 84.00 OK
r-oldrel-macos-x86_64 2016.8-1 OK
r-oldrel-windows-ix86+x86_64 2016.8-1 12.00 92.00 104.00 OK

Check Details

Version: 2016.8-1
Check: examples
Result: ERROR
    Running examples in 'TSmisc-Ex.R' failed
    The error most likely occurred in:
    
    > ### Name: TSmiscMethods
    > ### Title: TSdbi Extensions to Wrap Several Data Sources
    > ### Aliases: TSmiscMethods histQuote TShistQuoteConnection-class
    > ### TSconnect,histQuoteConnection,missing-method
    > ### TSget,character,TShistQuoteConnection-method
    > ### TSdates,character,TShistQuoteConnection-method
    > ### TSdescription,character,TShistQuoteConnection-method
    > ### TSdoc,character,TShistQuoteConnection-method
    > ### TSlabel,character,TShistQuoteConnection-method
    > ### TSsource,character,TShistQuoteConnection-method getSymbol
    > ### TSgetSymbolConnection-class
    > ### TSconnect,getSymbolConnection,missing-method
    > ### TSget,character,TSgetSymbolConnection-method
    > ### TSdates,character,TSgetSymbolConnection-method
    > ### TSdescription,character,TSgetSymbolConnection-method
    > ### TSdoc,character,TSgetSymbolConnection-method
    > ### TSlabel,character,TSgetSymbolConnection-method
    > ### TSsource,character,TSgetSymbolConnection-method xls
    > ### TSxlsConnection-class TSconnect,xlsConnection,missing-method
    > ### TSget,character,TSxlsConnection-method
    > ### TSdates,character,TSxlsConnection-method
    > ### TSdescription,character,TSxlsConnection-method
    > ### TSdoc,character,TSxlsConnection-method
    > ### TSlabel,character,TSxlsConnection-method
    > ### TSsource,character,TSxlsConnection-method zip TSzipConnection-class
    > ### TSconnect,zipConnection,missing-method
    > ### TSget,character,TSzipConnection-method
    > ### TSdates,character,TSzipConnection-method
    > ### TSdescription,character,TSzipConnection-method
    > ### TSdoc,character,TSzipConnection-method
    > ### TSlabel,character,TSzipConnection-method
    > ### TSsource,character,TSzipConnection-method
    > ### Keywords: ts
    >
    > ### ** Examples
    >
    > require("tfplot")
    Loading required package: tfplot
    Loading required package: tframe
    >
    > ## Not run:
    > ##D con <- try(TSconnect("histQuote", dbname="yahoo") )
    > ##D x <- TSget("^gspc", con)
    > ##D tfplot(x)
    > ##D
    > ##D con <- TSconnect("getSymbol", dbname="FRED")
    > ##D x <- TSget("CPIAUCNS", con)
    > ##D tfplot(x)
    > ##D
    > ##D # data from http://pitrading.com/
    > ##D # par(ask=TRUE) # to pause between pages
    > ##D con <- TSconnect("zip", dbname="http://pitrading.com/free_eod_data")
    > ##D x <- TSget("EURUSD", con)
    > ##D tfplot(x, graphs.per.page=3)
    > ##D
    > ##D z <- TSget(c("AD", "CD"), con, quote="Close")
    > ##D tfplot(z, start="2007-01-01", Title=
    > ##D "Futures, Australian and Canadian Dollar Continuous Contract at Close",
    > ##D graphs.per.page=3)
    > ##D
    > ## End(Not run)
    >
    > #### Australian Money ####
    > # test file copied Nov. 29, 2010 from
    > # http://www.rba.gov.au/statistics/tables/xls/d03hist.xls
    >
    > testfile <- system.file("xlsExampleData/d03hist.xls", package = "TSmisc")
    >
    > con1 <- TSconnect("xls", dbname=testfile,
    + map=list(ids =list(i=11, j="B:Q"),
    + data =list(i=12:627, j="B:Q"),
    + dates=list(i=12:627, j="A"),
    + names=list(i=4:7, j="B:Q"),
    + description = NULL,
    + tsrepresentation = function(data,dates){
    + ts(data,start=c(1959,7), frequency=12)}))
    Error in .local(q, dbname = dbname, ...) :
     Could not read spreedsheet D:/RCompile/CRANpkg/lib/4.2/TSmisc/xlsExampleData/d03hist.xlsError in file.exists(tfn) : invalid 'file' argument
    Calls: TSconnect -> TSconnect -> TSconnect -> TSconnect -> .local
    Execution halted
Flavor: r-devel-windows-x86_64-new-UL