CRAN Package Check Results for Package TSstudio

Last updated on 2020-06-04 02:48:17 CEST.

Flavor Version Tinstall Tcheck Ttotal Status Flags
r-devel-linux-x86_64-debian-clang 0.1.6 11.06 59.19 70.25 ERROR
r-devel-linux-x86_64-debian-gcc 0.1.6 7.98 43.64 51.62 ERROR
r-devel-linux-x86_64-fedora-clang 0.1.6 87.24 ERROR
r-devel-linux-x86_64-fedora-gcc 0.1.6 75.79 ERROR
r-devel-windows-ix86+x86_64 0.1.6 25.00 75.00 100.00 ERROR
r-patched-linux-x86_64 0.1.6 8.19 56.54 64.73 ERROR
r-release-linux-x86_64 0.1.6 7.99 56.67 64.66 ERROR
r-release-osx-x86_64 0.1.6 WARN
r-release-windows-ix86+x86_64 0.1.6 16.00 69.00 85.00 ERROR
r-oldrel-osx-x86_64 0.1.6 WARN
r-oldrel-windows-ix86+x86_64 0.1.6 22.00 90.00 112.00 ERROR

Check Details

Version: 0.1.6
Check: examples
Result: ERROR
    Running examples in 'TSstudio-Ex.R' failed
    The error most likely occurred in:
    
    > base::assign(".ptime", proc.time(), pos = "CheckExEnv")
    > ### Name: EURO_Brent
    > ### Title: Crude Oil Prices: Brent - Europe
    > ### Aliases: EURO_Brent
    > ### Keywords: datasets
    >
    > ### ** Examples
    >
    > ts_plot(EURO_Brent)
    > ts_decompose(EURO_Brent, type = "both")
    Error in attributes(.Data) <- c(attributes(.Data), attrib) :
     invalid time series parameters specified
    Calls: ts_decompose ... plotly_build -> plotly_build.plotly -> lapply -> FUN -> structure
    Execution halted
Flavors: r-devel-linux-x86_64-debian-clang, r-devel-linux-x86_64-debian-gcc, r-patched-linux-x86_64, r-release-linux-x86_64

Version: 0.1.6
Check: dependencies in R code
Result: NOTE
    Namespace in Imports field not imported from: ‘forecastHybrid’
     All declared Imports should be used.
Flavors: r-devel-linux-x86_64-fedora-clang, r-devel-linux-x86_64-fedora-gcc, r-release-osx-x86_64, r-oldrel-osx-x86_64

Version: 0.1.6
Check: examples
Result: ERROR
    Running examples in ‘TSstudio-Ex.R’ failed
    The error most likely occurred in:
    
    > ### Name: EURO_Brent
    > ### Title: Crude Oil Prices: Brent - Europe
    > ### Aliases: EURO_Brent
    > ### Keywords: datasets
    >
    > ### ** Examples
    >
    > ts_plot(EURO_Brent)
    > ts_decompose(EURO_Brent, type = "both")
    Error in attributes(.Data) <- c(attributes(.Data), attrib) :
     invalid time series parameters specified
    Calls: ts_decompose ... plotly_build -> plotly_build.plotly -> lapply -> FUN -> structure
    Execution halted
Flavors: r-devel-linux-x86_64-fedora-clang, r-devel-linux-x86_64-fedora-gcc, r-devel-windows-ix86+x86_64, r-release-windows-ix86+x86_64, r-oldrel-windows-ix86+x86_64

Version: 0.1.6
Check: re-building of vignette outputs
Result: WARN
    Error(s) in re-building vignettes:
    --- re-building ‘Plotting_Time_Series.Rmd’ using rmarkdown
    Loading required package: ggplot2
    
    Attaching package: 'plotly'
    
    The following object is masked from 'package:ggplot2':
    
     last_plot
    
    The following object is masked from 'package:stats':
    
     filter
    
    The following object is masked from 'package:graphics':
    
     layout
    
    dyld: lazy symbol binding failed: Symbol not found: ____chkstk_darwin
     Referenced from: /usr/local/bin/pandoc (which was built for Mac OS X 10.15)
     Expected in: /usr/lib/libSystem.B.dylib
    
    dyld: Symbol not found: ____chkstk_darwin
     Referenced from: /usr/local/bin/pandoc (which was built for Mac OS X 10.15)
     Expected in: /usr/lib/libSystem.B.dylib
    
    Error: processing vignette 'Plotting_Time_Series.Rmd' failed with diagnostics:
    pandoc document conversion failed with error 6
    --- failed re-building ‘Plotting_Time_Series.Rmd’
    
    SUMMARY: processing the following file failed:
     ‘Plotting_Time_Series.Rmd’
    
    Error: Vignette re-building failed.
    Execution halted
Flavor: r-release-osx-x86_64

Version: 0.1.6
Check: re-building of vignette outputs
Result: WARN
    Error(s) in re-building vignettes:
     ...
    --- re-building ‘Plotting_Time_Series.Rmd’ using rmarkdown
    Warning in engine$weave(file, quiet = quiet, encoding = enc) :
     Pandoc (>= 1.12.3) and/or pandoc-citeproc not available. Falling back to R Markdown v1.
    PhantomJS not found. You can install it with webshot::install_phantomjs(). If it is installed, please make sure the phantomjs executable can be found via the PATH variable.
    Warning in normalizePath(f2) :
     path[1]="webshot100af396368a2.png": No such file or directory
    Warning in file(con, "rb") :
     cannot open file 'webshot100af396368a2.png': No such file or directory
    Quitting from lines 39-44 (Plotting_Time_Series.Rmd)
    Error: processing vignette 'Plotting_Time_Series.Rmd' failed with diagnostics:
    cannot open the connection
    --- failed re-building ‘Plotting_Time_Series.Rmd’
    
    SUMMARY: processing the following file failed:
     ‘Plotting_Time_Series.Rmd’
    
    Error: Vignette re-building failed.
    Execution halted
Flavor: r-oldrel-osx-x86_64