Last updated on 2023-02-04 00:51:09 CET.
Flavor | Version | Tinstall | Tcheck | Ttotal | Status | Flags |
---|---|---|---|---|---|---|
r-devel-linux-x86_64-debian-clang | 0.1.6 | 8.00 | 98.12 | 106.12 | NOTE | |
r-devel-linux-x86_64-debian-gcc | 0.1.6 | 7.82 | 71.31 | 79.13 | NOTE | |
r-devel-linux-x86_64-fedora-clang | 0.1.6 | 129.84 | NOTE | |||
r-devel-linux-x86_64-fedora-gcc | 0.1.6 | 139.12 | NOTE | |||
r-devel-windows-x86_64 | 0.1.6 | 29.00 | 325.00 | 354.00 | NOTE | |
r-patched-linux-x86_64 | 0.1.6 | 9.90 | 93.53 | 103.43 | OK | |
r-release-linux-x86_64 | 0.1.6 | 8.14 | 91.31 | 99.45 | OK | |
r-release-macos-arm64 | 0.1.6 | 37.00 | NOTE | |||
r-release-macos-x86_64 | 0.1.6 | 62.00 | NOTE | |||
r-release-windows-x86_64 | 0.1.6 | 29.00 | 301.00 | 330.00 | OK | |
r-oldrel-macos-arm64 | 0.1.6 | 528.00 | NOTE | |||
r-oldrel-macos-x86_64 | 0.1.6 | 57.00 | NOTE | |||
r-oldrel-windows-ix86+x86_64 | 0.1.6 | 19.00 | 208.00 | 227.00 | OK |
Version: 0.1.6
Check: package subdirectories
Result: NOTE
Problems with news in ‘NEWS.md’:
Cannot extract version info from the following section titles:
Updates for the development version (0.1.0.9000) on Github
Flavors: r-devel-linux-x86_64-debian-clang, r-devel-linux-x86_64-debian-gcc, r-devel-linux-x86_64-fedora-clang, r-devel-linux-x86_64-fedora-gcc, r-devel-windows-x86_64
Version: 0.1.6
Check: dependencies in R code
Result: NOTE
Namespace in Imports field not imported from: ‘forecastHybrid’
All declared Imports should be used.
Flavors: r-devel-linux-x86_64-fedora-clang, r-devel-linux-x86_64-fedora-gcc, r-release-macos-arm64, r-release-macos-x86_64, r-oldrel-macos-arm64, r-oldrel-macos-x86_64