CRAN Package Check Results for Package TeachingDemos

Last updated on 2020-06-07 01:48:27 CEST.

Flavor Version Tinstall Tcheck Ttotal Status Flags
r-devel-linux-x86_64-debian-clang 2.12 14.07 80.96 95.03 NOTE
r-devel-linux-x86_64-debian-gcc 2.12 12.26 60.36 72.62 NOTE
r-devel-linux-x86_64-fedora-clang 2.12 122.49 NOTE
r-devel-linux-x86_64-fedora-gcc 2.12 111.76 NOTE
r-devel-windows-ix86+x86_64 2.12 28.00 126.00 154.00 OK
r-patched-linux-x86_64 2.12 13.61 82.46 96.07 NOTE
r-patched-solaris-x86 2.12 141.30 NOTE
r-release-linux-x86_64 2.12 14.10 81.60 95.70 NOTE
r-release-osx-x86_64 2.12 NOTE
r-release-windows-ix86+x86_64 2.12 22.00 122.00 144.00 OK
r-oldrel-osx-x86_64 2.12 FAIL
r-oldrel-windows-ix86+x86_64 2.12 23.00 119.00 142.00 OK

Check Details

Version: 2.12
Check: package dependencies
Result: NOTE
    Package suggested but not available for checking: 'R2wd'
Flavors: r-devel-linux-x86_64-debian-clang, r-devel-linux-x86_64-debian-gcc, r-devel-linux-x86_64-fedora-clang, r-devel-linux-x86_64-fedora-gcc, r-patched-linux-x86_64, r-patched-solaris-x86, r-release-linux-x86_64, r-release-osx-x86_64, r-oldrel-osx-x86_64

Version: 2.12
Check: dependencies in R code
Result: FAIL
Flavor: r-oldrel-osx-x86_64