CRAN Package Check Results for Package Tendril

Last updated on 2021-01-19 00:47:40 CET.

Flavor Version Tinstall Tcheck Ttotal Status Flags
r-devel-linux-x86_64-debian-clang 2.0.4 3.58 159.39 162.97 OK
r-devel-linux-x86_64-debian-gcc 2.0.4 3.13 118.75 121.88 OK
r-devel-linux-x86_64-fedora-clang 2.0.4 204.70 NOTE
r-devel-linux-x86_64-fedora-gcc 2.0.4 190.00 NOTE
r-devel-windows-ix86+x86_64 2.0.4 7.00 140.00 147.00 OK
r-patched-linux-x86_64 2.0.4 3.80 158.66 162.46 OK
r-patched-solaris-x86 2.0.4 273.40 NOTE
r-release-linux-x86_64 2.0.4 4.30 159.54 163.84 OK
r-release-macos-x86_64 2.0.4 NOTE
r-release-windows-ix86+x86_64 2.0.4 8.00 149.00 157.00 OK
r-oldrel-macos-x86_64 2.0.4 NOTE
r-oldrel-windows-ix86+x86_64 2.0.4 5.00 133.00 138.00 OK

Check Details

Version: 2.0.4
Check: dependencies in R code
Result: NOTE
    Namespace in Imports field not imported from: ‘graphics’
     All declared Imports should be used.
Flavors: r-devel-linux-x86_64-fedora-clang, r-devel-linux-x86_64-fedora-gcc, r-patched-solaris-x86, r-release-macos-x86_64, r-oldrel-macos-x86_64