CRAN Package Check Results for Package TestDataImputation

Last updated on 2021-09-23 01:50:02 CEST.

Flavor Version Tinstall Tcheck Ttotal Status Flags
r-devel-linux-x86_64-debian-clang 2.2 5.89 65.94 71.83 OK
r-devel-linux-x86_64-debian-gcc 2.2 4.86 47.77 52.63 OK
r-devel-linux-x86_64-fedora-clang 2.2 97.52 OK
r-devel-linux-x86_64-fedora-gcc 2.2 80.94 OK
r-devel-windows-x86_64 2.2 7.00 66.00 73.00 OK
r-devel-windows-x86_64-gcc10-UCRT 2.2 ERROR
r-patched-linux-x86_64 2.2 6.10 60.78 66.88 OK
r-patched-solaris-x86 2.2 114.60 OK
r-release-linux-x86_64 2.2 5.72 60.14 65.86 OK
r-release-macos-arm64 2.2 OK
r-release-macos-x86_64 2.2 OK
r-release-windows-ix86+x86_64 2.2 16.00 81.00 97.00 OK
r-oldrel-macos-x86_64 2.2 OK
r-oldrel-windows-ix86+x86_64 2.2 10.00 63.00 73.00 OK

Check Details

Version: 2.2
Check: PDF version of manual
Result: WARN
    LaTeX errors when creating PDF version.
    This typically indicates Rd problems.
Flavor: r-devel-windows-x86_64-gcc10-UCRT

Version: 2.2
Check: PDF version of manual without hyperrefs or index
Result: ERROR
    Re-running with no redirection of stdout/stderr.
Flavor: r-devel-windows-x86_64-gcc10-UCRT