CRAN Package Check Results for Package TestDesign

Last updated on 2022-08-14 01:49:27 CEST.

Flavor Version Tinstall Tcheck Ttotal Status Flags
r-devel-linux-x86_64-debian-clang 1.3.4 148.16 286.01 434.17 NOTE
r-devel-linux-x86_64-debian-gcc 1.3.4 119.48 212.07 331.55 NOTE
r-devel-linux-x86_64-fedora-clang 1.3.4 590.53 NOTE
r-devel-linux-x86_64-fedora-gcc 1.3.4 566.48 NOTE
r-devel-windows-x86_64 1.3.4 259.00 359.00 618.00 NOTE
r-patched-linux-x86_64 1.3.4 120.47 278.03 398.50 NOTE
r-release-linux-x86_64 1.3.4 121.94 276.43 398.37 NOTE
r-release-macos-arm64 1.3.4 127.00 NOTE
r-release-macos-x86_64 1.3.4 180.00 NOTE
r-release-windows-x86_64 1.3.4 292.00 343.00 635.00 NOTE
r-oldrel-macos-arm64 1.3.4 111.00 NOTE
r-oldrel-macos-x86_64 1.3.4 183.00 NOTE
r-oldrel-windows-ix86+x86_64 1.3.4 365.00 760.00 1125.00 NOTE

Check Details

Version: 1.3.4
Check: package dependencies
Result: NOTE
    Package suggested but not available for checking: 'gurobi'
Flavors: r-devel-linux-x86_64-debian-clang, r-devel-linux-x86_64-debian-gcc, r-devel-linux-x86_64-fedora-clang, r-devel-linux-x86_64-fedora-gcc, r-devel-windows-x86_64, r-patched-linux-x86_64, r-release-linux-x86_64, r-release-macos-arm64, r-release-macos-x86_64, r-release-windows-x86_64, r-oldrel-macos-arm64, r-oldrel-macos-x86_64, r-oldrel-windows-ix86+x86_64

Version: 1.3.4
Check: installed package size
Result: NOTE
     installed size is 7.3Mb
     sub-directories of 1Mb or more:
     libs 4.9Mb
Flavors: r-release-macos-arm64, r-release-macos-x86_64, r-oldrel-macos-arm64, r-oldrel-macos-x86_64