CRAN Package Check Results for Package TestingSimilarity

Last updated on 2023-12-04 07:51:25 CET.

Flavor Version Tinstall Tcheck Ttotal Status Flags
r-devel-linux-x86_64-debian-clang 1.1 5.19 50.76 55.95 NOTE
r-devel-linux-x86_64-debian-gcc 1.1 4.30 38.63 42.93 NOTE
r-devel-linux-x86_64-fedora-clang 1.1 69.07 NOTE
r-devel-linux-x86_64-fedora-gcc 1.1 65.81 NOTE
r-devel-windows-x86_64 1.1 6.00 58.00 64.00 NOTE
r-patched-linux-x86_64 1.1 5.79 47.82 53.61 NOTE
r-release-linux-x86_64 1.1 5.38 48.22 53.60 NOTE
r-release-macos-arm64 1.1 24.00 NOTE
r-release-macos-x86_64 1.1 36.00 NOTE
r-release-windows-x86_64 1.1 7.00 118.00 125.00 NOTE
r-oldrel-macos-arm64 1.1 16.00 NOTE
r-oldrel-macos-x86_64 1.1 24.00 NOTE
r-oldrel-windows-x86_64 1.1 8.00 69.00 77.00 NOTE

Check Details

Version: 1.1
Check: LazyData
Result: NOTE 'LazyData' is specified without a 'data' directory Flavors: r-devel-linux-x86_64-debian-clang, r-devel-linux-x86_64-debian-gcc, r-devel-linux-x86_64-fedora-clang, r-devel-linux-x86_64-fedora-gcc, r-devel-windows-x86_64, r-patched-linux-x86_64, r-release-linux-x86_64, r-release-macos-arm64, r-release-macos-x86_64, r-release-windows-x86_64, r-oldrel-macos-arm64, r-oldrel-macos-x86_64, r-oldrel-windows-x86_64