CRAN Package Check Results for Package TextForecast

Last updated on 2020-05-31 01:48:56 CEST.

Flavor Version Tinstall Tcheck Ttotal Status Flags
r-devel-linux-x86_64-debian-clang 0.1.2 12.53 108.09 120.62 OK
r-devel-linux-x86_64-debian-gcc 0.1.2 9.33 82.68 92.01 OK
r-devel-linux-x86_64-fedora-clang 0.1.2 153.39 NOTE
r-devel-linux-x86_64-fedora-gcc 0.1.2 141.64 NOTE
r-devel-windows-ix86+x86_64 0.1.2 35.00 176.00 211.00 OK
r-patched-linux-x86_64 0.1.2 13.19 105.41 118.60 OK
r-patched-solaris-x86 0.1.2 231.50 NOTE
r-release-linux-x86_64 0.1.2 12.00 104.55 116.55 OK
r-release-osx-x86_64 0.1.2 NOTE
r-release-windows-ix86+x86_64 0.1.2 25.00 130.00 155.00 OK
r-oldrel-osx-x86_64 0.1.2 NOTE
r-oldrel-windows-ix86+x86_64 0.1.2 23.00 116.00 139.00 OK

Check Details

Version: 0.1.2
Check: dependencies in R code
Result: NOTE
    Namespaces in Imports field not imported from:
     ‘doParallel’ ‘parallel’ ‘tidyr’
     All declared Imports should be used.
Flavors: r-devel-linux-x86_64-fedora-clang, r-devel-linux-x86_64-fedora-gcc, r-patched-solaris-x86, r-release-osx-x86_64, r-oldrel-osx-x86_64

Version: 0.1.2
Check: data for non-ASCII characters
Result: NOTE
     Note: found 40 marked UTF-8 strings
Flavors: r-devel-linux-x86_64-fedora-clang, r-devel-linux-x86_64-fedora-gcc, r-patched-solaris-x86, r-release-osx-x86_64, r-oldrel-osx-x86_64