CRAN Package Check Results for Package TopKLists

Last updated on 2022-06-30 01:49:22 CEST.

Flavor Version Tinstall Tcheck Ttotal Status Flags
r-devel-linux-x86_64-debian-clang 1.0.7 14.91 207.69 222.60 NOTE
r-devel-linux-x86_64-debian-gcc 1.0.7 12.11 169.03 181.14 NOTE
r-devel-linux-x86_64-fedora-clang 1.0.7 277.32 WARN
r-devel-linux-x86_64-fedora-gcc 1.0.7 289.33 WARN
r-devel-windows-x86_64 1.0.7 46.00 234.00 280.00 OK
r-patched-linux-x86_64 1.0.7 9.68 212.18 221.86 NOTE
r-release-linux-x86_64 1.0.7 10.71 205.49 216.20 NOTE
r-release-macos-arm64 1.0.7 82.00 NOTE
r-release-macos-x86_64 1.0.7 141.00 NOTE
r-release-windows-x86_64 1.0.7 50.00 231.00 281.00 OK
r-oldrel-macos-arm64 1.0.7 101.00 NOTE
r-oldrel-macos-x86_64 1.0.7 160.00 OK
r-oldrel-windows-ix86+x86_64 1.0.7 37.00 291.00 328.00 OK

Check Details

Version: 1.0.7
Check: package dependencies
Result: NOTE
    Packages suggested but not available for checking:
     'RGtk2', 'gWidgets2RGtk2'
Flavors: r-devel-linux-x86_64-debian-clang, r-devel-linux-x86_64-debian-gcc, r-patched-linux-x86_64, r-release-linux-x86_64, r-release-macos-arm64, r-release-macos-x86_64, r-oldrel-macos-arm64

Version: 1.0.7
Check: package dependencies
Result: WARN
    Packages suggested but not available for checking:
     'RGtk2', 'gWidgets2RGtk2'
    
    Requires (indirectly) orphaned package: ‘gtools’
Flavors: r-devel-linux-x86_64-fedora-clang, r-devel-linux-x86_64-fedora-gcc