CRAN Package Check Results for Package Trading

Last updated on 2021-06-22 01:49:36 CEST.

Flavor Version Tinstall Tcheck Ttotal Status Flags
r-devel-linux-x86_64-debian-clang 2.1 12.76 79.20 91.96 NOTE
r-devel-linux-x86_64-debian-gcc 2.1 9.67 59.86 69.53 NOTE
r-devel-linux-x86_64-fedora-clang 2.1 120.35 NOTE
r-devel-linux-x86_64-fedora-gcc 2.1 112.14 NOTE
r-devel-windows-x86_64 2.1 20.00 96.00 116.00 NOTE
r-devel-windows-x86_64-gcc10-UCRT 2.1 NOTE
r-patched-linux-x86_64 2.1 11.58 77.23 88.81 NOTE
r-patched-solaris-x86 2.1 155.10 NOTE
r-release-linux-x86_64 2.1 11.67 76.75 88.42 NOTE
r-release-macos-arm64 2.1 NOTE
r-release-macos-x86_64 2.1 NOTE
r-release-windows-ix86+x86_64 2.1 27.00 99.00 126.00 NOTE
r-oldrel-macos-x86_64 2.1 OK

Check Details

Version: 2.1
Check: LazyData
Result: NOTE
     'LazyData' is specified without a 'data' directory
Flavors: r-devel-linux-x86_64-debian-clang, r-devel-linux-x86_64-debian-gcc, r-devel-linux-x86_64-fedora-clang, r-devel-linux-x86_64-fedora-gcc, r-devel-windows-x86_64, r-devel-windows-x86_64-gcc10-UCRT, r-patched-linux-x86_64, r-patched-solaris-x86, r-release-linux-x86_64, r-release-macos-arm64, r-release-macos-x86_64, r-release-windows-ix86+x86_64