CRAN Package Check Results for Package TruncatedNormal

Last updated on 2020-09-28 01:49:14 CEST.

Flavor Version Tinstall Tcheck Ttotal Status Flags
r-devel-linux-x86_64-debian-clang 2.2 46.21 192.78 238.99 OK
r-devel-linux-x86_64-debian-gcc 2.2 38.12 142.56 180.68 OK
r-devel-linux-x86_64-fedora-clang 2.2 324.61 NOTE
r-devel-linux-x86_64-fedora-gcc 2.2 293.36 OK
r-devel-windows-ix86+x86_64 2.2 117.00 299.00 416.00 OK
r-patched-linux-x86_64 2.2 41.74 179.27 221.01 OK
r-patched-solaris-x86 2.2 705.90 OK
r-release-linux-x86_64 2.2 39.80 190.73 230.53 OK
r-release-macos-x86_64 2.2 OK
r-release-windows-ix86+x86_64 2.2 114.00 297.00 411.00 OK
r-oldrel-macos-x86_64 2.2 OK
r-oldrel-windows-ix86+x86_64 2.2 101.00 284.00 385.00 OK

Check Details

Version: 2.2
Check: Rd cross-references
Result: NOTE
    Undeclared package ‘carData’ in Rd xrefs
Flavor: r-devel-linux-x86_64-fedora-clang