CRAN Package Check Results for Package TukeyC

Last updated on 2020-07-02 02:10:04 CEST.

Flavor Version Tinstall Tcheck Ttotal Status Flags
r-devel-linux-x86_64-debian-clang 1.3-3 10.55 93.13 103.68 OK
r-devel-linux-x86_64-debian-gcc 1.3-3 9.51 69.76 79.27 OK
r-devel-linux-x86_64-fedora-clang 1.3-3 134.27 NOTE
r-devel-linux-x86_64-fedora-gcc 1.3-3 121.58 OK
r-devel-windows-ix86+x86_64 1.3-3 34.00 97.00 131.00 OK
r-patched-linux-x86_64 1.3-3 10.73 90.76 101.49 OK
r-patched-solaris-x86 1.3-3 179.00 OK
r-release-linux-x86_64 1.3-3 11.72 90.68 102.40 OK
r-release-osx-x86_64 1.3-3 OK
r-release-windows-ix86+x86_64 1.3-3 28.00 101.00 129.00 OK
r-oldrel-osx-x86_64 1.3-3 OK
r-oldrel-windows-ix86+x86_64 1.3-3 24.00 142.00 166.00 OK

Check Details

Version: 1.3-3
Check: Rd cross-references
Result: NOTE
    Undeclared packages ‘multcomp’, ‘agricolae’ in Rd xrefs
Flavor: r-devel-linux-x86_64-fedora-clang