CRAN Package Check Results for Package UCSCXenaShiny

Last updated on 2020-05-31 01:48:57 CEST.

Flavor Version Tinstall Tcheck Ttotal Status Flags
r-devel-linux-x86_64-debian-clang 0.4.0 7.23 49.91 57.14 OK
r-devel-linux-x86_64-debian-gcc 0.4.0 6.12 38.11 44.23 OK
r-devel-linux-x86_64-fedora-clang 0.4.0 67.07 NOTE
r-devel-linux-x86_64-fedora-gcc 0.4.0 64.35 NOTE
r-devel-windows-ix86+x86_64 0.4.0 23.00 89.00 112.00 OK
r-patched-linux-x86_64 0.4.0 4.84 47.96 52.80 OK
r-patched-solaris-x86 0.4.0 115.10 NOTE
r-release-linux-x86_64 0.4.0 4.88 48.09 52.97 OK
r-release-osx-x86_64 0.4.0 NOTE
r-release-windows-ix86+x86_64 0.4.0 21.00 90.00 111.00 OK
r-oldrel-osx-x86_64 0.4.0 NOTE
r-oldrel-windows-ix86+x86_64 0.4.0 17.00 67.00 84.00 OK

Check Details

Version: 0.4.0
Check: dependencies in R code
Result: NOTE
    Namespaces in Imports field not imported from:
     ‘DT’ ‘RColorBrewer’ ‘plotly’ ‘shinyBS’ ‘shinyWidgets’ ‘shinyjs’
     ‘shinythemes’ ‘zip’
     All declared Imports should be used.
Flavors: r-devel-linux-x86_64-fedora-clang, r-devel-linux-x86_64-fedora-gcc, r-patched-solaris-x86, r-release-osx-x86_64, r-oldrel-osx-x86_64

Version: 0.4.0
Check: data for non-ASCII characters
Result: NOTE
     Note: found 162 marked UTF-8 strings
Flavors: r-devel-linux-x86_64-fedora-clang, r-devel-linux-x86_64-fedora-gcc, r-patched-solaris-x86, r-release-osx-x86_64, r-oldrel-osx-x86_64