Last updated on 2022-06-28 01:51:46 CEST.
Flavor | Version | Tinstall | Tcheck | Ttotal | Status | Flags |
---|---|---|---|---|---|---|
r-devel-linux-x86_64-debian-clang | 1.1.8 | 13.55 | 115.42 | 128.97 | OK | |
r-devel-linux-x86_64-debian-gcc | 1.1.8 | 11.23 | 84.44 | 95.67 | OK | |
r-devel-linux-x86_64-fedora-clang | 1.1.8 | 158.64 | NOTE | |||
r-devel-linux-x86_64-fedora-gcc | 1.1.8 | 176.17 | OK | |||
r-devel-windows-x86_64 | 1.1.8 | 98.00 | 166.00 | 264.00 | NOTE | |
r-patched-linux-x86_64 | 1.1.8 | 13.79 | 106.27 | 120.06 | OK | |
r-release-linux-x86_64 | 1.1.8 | 13.98 | 104.91 | 118.89 | OK | |
r-release-macos-arm64 | 1.1.8 | 51.00 | NOTE | |||
r-release-macos-x86_64 | 1.1.8 | 72.00 | NOTE | |||
r-release-windows-x86_64 | 1.1.8 | 149.00 | 299.00 | 448.00 | NOTE | |
r-oldrel-macos-arm64 | 1.1.8 | 53.00 | NOTE | |||
r-oldrel-macos-x86_64 | 1.1.8 | 72.00 | NOTE | |||
r-oldrel-windows-ix86+x86_64 | 1.1.8 | 32.00 | 141.00 | 173.00 | NOTE |
Version: 1.1.8
Check: installed package size
Result: NOTE
installed size is 6.9Mb
sub-directories of 1Mb or more:
doc 1.4Mb
shinyapp 3.4Mb
Flavors: r-devel-linux-x86_64-fedora-clang, r-devel-windows-x86_64, r-release-macos-arm64, r-release-macos-x86_64, r-release-windows-x86_64, r-oldrel-macos-arm64, r-oldrel-macos-x86_64, r-oldrel-windows-ix86+x86_64