CRAN Package Check Results for Package UCSCXenaShiny

Last updated on 2022-01-19 01:47:51 CET.

Flavor Version Tinstall Tcheck Ttotal Status Flags
r-devel-linux-x86_64-debian-clang 1.1.4 11.78 111.41 123.19 OK
r-devel-linux-x86_64-debian-gcc 1.1.5 11.69 86.17 97.86 OK
r-devel-linux-x86_64-fedora-clang 1.1.5 157.83 NOTE
r-devel-linux-x86_64-fedora-gcc 1.1.5 137.45 OK
r-devel-windows-x86_64-new-UL 1.1.4 214.00 155.00 369.00 NOTE
r-devel-windows-x86_64-new-TK 1.1.4 ERROR
r-patched-linux-x86_64 1.1.5 13.50 103.38 116.88 OK
r-release-linux-x86_64 1.1.4 OK
r-release-macos-arm64 1.1.5 NOTE
r-release-macos-x86_64 1.1.5 NOTE
r-release-windows-ix86+x86_64 1.1.5 33.00 131.00 164.00 NOTE
r-oldrel-macos-x86_64 1.1.4 NOTE
r-oldrel-windows-ix86+x86_64 1.1.4 30.00 136.00 166.00 NOTE

Check Details

Version: 1.1.5
Check: installed package size
Result: NOTE
     installed size is 7.1Mb
     sub-directories of 1Mb or more:
     doc 1.5Mb
     shinyapp 3.4Mb
Flavors: r-devel-linux-x86_64-fedora-clang, r-release-macos-arm64, r-release-macos-x86_64, r-release-windows-ix86+x86_64

Version: 1.1.4
Check: installed package size
Result: NOTE
     installed size is 6.6Mb
     sub-directories of 1Mb or more:
     doc 1.5Mb
     shinyapp 3.4Mb
Flavors: r-devel-windows-x86_64-new-UL, r-oldrel-macos-x86_64, r-oldrel-windows-ix86+x86_64

Version: 1.1.4
Check: package dependencies
Result: ERROR
    Package required but not available: 'ggpubr'
    
    Package suggested but not available for checking: 'survminer'
    
    See section 'The DESCRIPTION file' in the 'Writing R Extensions'
    manual.
Flavor: r-devel-windows-x86_64-new-TK