CRAN Package Check Results for Package UCSCXenaTools

Last updated on 2020-09-29 01:48:43 CEST.

Flavor Version Tinstall Tcheck Ttotal Status Flags
r-devel-linux-x86_64-debian-clang 1.3.3 7.10 62.45 69.55 OK
r-devel-linux-x86_64-debian-gcc 1.3.3 5.59 46.02 51.61 OK
r-devel-linux-x86_64-fedora-clang 1.3.3 94.42 NOTE
r-devel-linux-x86_64-fedora-gcc 1.3.3 80.19 NOTE
r-devel-windows-ix86+x86_64 1.3.3 19.00 90.00 109.00 OK
r-patched-linux-x86_64 1.3.3 6.36 57.78 64.14 OK
r-patched-solaris-x86 1.3.3 107.20 NOTE
r-release-linux-x86_64 1.3.3 6.55 57.61 64.16 OK
r-release-macos-x86_64 1.3.3 NOTE
r-release-windows-ix86+x86_64 1.3.3 18.00 90.00 108.00 OK
r-oldrel-macos-x86_64 1.3.3 NOTE
r-oldrel-windows-ix86+x86_64 1.3.3 14.00 85.00 99.00 OK

Check Details

Version: 1.3.3
Check: data for non-ASCII characters
Result: NOTE
     Note: found 2 marked UTF-8 strings
Flavors: r-devel-linux-x86_64-fedora-clang, r-devel-linux-x86_64-fedora-gcc, r-patched-solaris-x86, r-release-macos-x86_64, r-oldrel-macos-x86_64