CRAN Package Check Results for Package UComp

Last updated on 2022-07-03 01:49:08 CEST.

Flavor Version Tinstall Tcheck Ttotal Status Flags
r-devel-linux-x86_64-debian-clang 2.2.2 103.11 155.37 258.48 OK
r-devel-linux-x86_64-debian-gcc 2.2.2 80.83 118.86 199.69 OK
r-devel-linux-x86_64-fedora-clang 2.2.2 343.23 NOTE
r-devel-linux-x86_64-fedora-gcc 2.2.2 292.74 OK
r-devel-windows-x86_64 2.2.2 73.00 143.00 216.00 OK
r-patched-linux-x86_64 2.2.2 90.37 131.57 221.94 OK
r-release-linux-x86_64 2.2.2 89.41 133.59 223.00 OK
r-release-macos-arm64 2.2.2 84.00 NOTE
r-release-macos-x86_64 2.2.2 90.00 NOTE
r-release-windows-x86_64 2.2.2 74.00 142.00 216.00 OK
r-oldrel-macos-arm64 2.2.2 95.00 NOTE
r-oldrel-macos-x86_64 2.2.2 85.00 NOTE
r-oldrel-windows-ix86+x86_64 2.2.2 210.00 184.00 394.00 OK

Check Details

Version: 2.2.2
Check: installed package size
Result: NOTE
     installed size is 10.4Mb
     sub-directories of 1Mb or more:
     libs 10.0Mb
Flavors: r-devel-linux-x86_64-fedora-clang, r-release-macos-arm64, r-release-macos-x86_64, r-oldrel-macos-arm64, r-oldrel-macos-x86_64