CRAN Package Check Results for Package UPCM

Last updated on 2023-02-02 00:55:02 CET.

Flavor Version Tinstall Tcheck Ttotal Status Flags
r-devel-linux-x86_64-debian-clang 0.0-3 56.30 81.61 137.91 NOTE
r-devel-linux-x86_64-debian-gcc 0.0-3 45.08 62.33 107.41 NOTE
r-devel-linux-x86_64-fedora-clang 0.0-3 189.36 NOTE
r-devel-linux-x86_64-fedora-gcc 0.0-3 172.08 NOTE
r-patched-linux-x86_64 0.0-3 42.77 79.24 122.01 OK
r-release-linux-x86_64 0.0-3 49.93 79.47 129.40 OK
r-release-macos-arm64 0.0-3 52.00 NOTE
r-release-macos-x86_64 0.0-3 65.00 NOTE
r-release-windows-x86_64 0.0-3 50.00 131.00 181.00 OK
r-oldrel-macos-arm64 0.0-3 56.00 NOTE
r-oldrel-macos-x86_64 0.0-3 92.00 NOTE
r-oldrel-windows-ix86+x86_64 0.0-3 128.00 141.00 269.00 OK

Check Details

Version: 0.0-3
Check: C++ specification
Result: NOTE
     Specified C++11: please update to current default of C++17
Flavors: r-devel-linux-x86_64-debian-clang, r-devel-linux-x86_64-debian-gcc, r-devel-linux-x86_64-fedora-clang, r-devel-linux-x86_64-fedora-gcc

Version: 0.0-3
Check: installed package size
Result: NOTE
     installed size is 5.3Mb
     sub-directories of 1Mb or more:
     libs 5.2Mb
Flavors: r-release-macos-arm64, r-release-macos-x86_64, r-oldrel-macos-arm64, r-oldrel-macos-x86_64