CRAN Package Check Results for Package V8

Last updated on 2020-02-18 00:52:26 CET.

Flavor Version Tinstall Tcheck Ttotal Status Flags
r-devel-linux-x86_64-debian-clang 3.0.1 23.55 56.76 80.31 OK
r-devel-linux-x86_64-debian-gcc 3.0.1 15.57 44.24 59.81 OK
r-devel-linux-x86_64-fedora-clang 3.0.1 77.61 OK
r-devel-linux-x86_64-fedora-gcc 3.0.1 77.44 OK
r-devel-windows-ix86+x86_64 3.0.1 192.00 178.00 370.00 NOTE
r-devel-windows-ix86+x86_64-gcc8 3.0.1 174.00 213.00 387.00 NOTE
r-patched-linux-x86_64 3.0.1 18.28 52.69 70.97 OK
r-patched-solaris-x86 3.0.1 90.60 OK
r-release-linux-x86_64 3.0.1 19.59 52.22 71.81 OK
r-release-windows-ix86+x86_64 3.0.1 156.00 175.00 331.00 NOTE
r-release-osx-x86_64 3.0.1 NOTE
r-oldrel-windows-ix86+x86_64 3.0.1 151.00 266.00 417.00 NOTE
r-oldrel-osx-x86_64 3.0.1 NOTE

Check Details

Version: 3.0.1
Check: installed package size
Result: NOTE
     installed size is 25.1Mb
     sub-directories of 1Mb or more:
     doc 1.8Mb
     libs 23.3Mb
Flavors: r-devel-windows-ix86+x86_64, r-devel-windows-ix86+x86_64-gcc8, r-release-windows-ix86+x86_64, r-release-osx-x86_64, r-oldrel-windows-ix86+x86_64, r-oldrel-osx-x86_64