CRAN Package Check Results for Package V8

Last updated on 2020-09-24 02:57:06 CEST.

Flavor Version Tinstall Tcheck Ttotal Status Flags
r-devel-linux-x86_64-debian-clang 3.2.0 27.02 38.32 65.34 OK
r-devel-linux-x86_64-debian-gcc 3.2.0 18.43 30.10 48.53 OK
r-devel-linux-x86_64-fedora-gcc 3.2.0 80.99 OK
r-devel-windows-ix86+x86_64 3.2.0 109.00 211.00 320.00 NOTE
r-patched-linux-x86_64 3.2.0 19.08 36.94 56.02 OK
r-patched-solaris-x86 3.2.0 93.10 OK
r-release-linux-x86_64 3.2.0 18.79 36.62 55.41 OK
r-release-macos-x86_64 3.2.0 NOTE
r-release-windows-ix86+x86_64 3.2.0 98.00 209.00 307.00 NOTE
r-oldrel-macos-x86_64 3.2.0 NOTE
r-oldrel-windows-ix86+x86_64 3.2.0 90.00 227.00 317.00 NOTE

Check Details

Version: 3.2.0
Check: installed package size
Result: NOTE
     installed size is 25.1Mb
     sub-directories of 1Mb or more:
     doc 1.8Mb
     libs 23.2Mb
Flavors: r-devel-windows-ix86+x86_64, r-release-macos-x86_64, r-release-windows-ix86+x86_64, r-oldrel-macos-x86_64, r-oldrel-windows-ix86+x86_64