Last updated on 2023-02-05 01:54:37 CET.
Flavor | Version | Tinstall | Tcheck | Ttotal | Status | Flags |
---|---|---|---|---|---|---|
r-devel-linux-x86_64-debian-clang | 0.1.0 | 347.25 | 141.61 | 488.86 | OK | |
r-devel-linux-x86_64-debian-gcc | 0.1.0 | 299.03 | 162.46 | 461.49 | OK | |
r-devel-linux-x86_64-fedora-clang | 0.1.0 | 686.98 | OK | |||
r-devel-linux-x86_64-fedora-gcc | 0.1.0 | 749.01 | OK | |||
r-devel-windows-x86_64 | 0.1.0 | 273.00 | 209.00 | 482.00 | OK | |
r-patched-linux-x86_64 | 0.1.0 | 274.51 | 200.22 | 474.73 | OK | |
r-release-linux-x86_64 | 0.1.0 | 294.69 | 187.22 | 481.91 | OK | |
r-release-macos-arm64 | 0.1.0 | 109.00 | NOTE | |||
r-release-macos-x86_64 | 0.1.0 | 184.00 | NOTE | |||
r-release-windows-x86_64 | 0.1.0 | 281.00 | 203.00 | 484.00 | OK | |
r-oldrel-macos-arm64 | 0.1.0 | 104.00 | NOTE | |||
r-oldrel-macos-x86_64 | 0.1.0 | 188.00 | NOTE | |||
r-oldrel-windows-ix86+x86_64 | 0.1.0 | 826.00 | 271.00 | 1097.00 | NOTE |
Version: 0.1.0
Check: installed package size
Result: NOTE
installed size is 25.2Mb
sub-directories of 1Mb or more:
doc 2.2Mb
libs 22.8Mb
Flavors: r-release-macos-arm64, r-release-macos-x86_64, r-oldrel-macos-arm64, r-oldrel-macos-x86_64, r-oldrel-windows-ix86+x86_64