CRAN Package Check Results for Package VGAMextra

Last updated on 2023-03-25 07:02:36 CET.

Flavor Version Tinstall Tcheck Ttotal Status Flags
r-devel-linux-x86_64-debian-clang 0.0-5 15.49 138.45 153.94 NOTE
r-devel-linux-x86_64-debian-gcc 0.0-5 13.11 102.18 115.29 NOTE
r-devel-linux-x86_64-fedora-clang 0.0-5 191.47 NOTE
r-devel-linux-x86_64-fedora-gcc 0.0-5 188.50 NOTE
r-devel-windows-x86_64 0.0-5 97.00 184.00 281.00 NOTE
r-patched-linux-x86_64 0.0-5 19.65 118.11 137.76 OK
r-release-linux-x86_64 0.0-5 14.55 118.28 132.83 OK
r-release-macos-arm64 0.0-5 41.00 OK
r-release-macos-x86_64 0.0-5 58.00 OK
r-release-windows-x86_64 0.0-5 64.00 173.00 237.00 OK
r-oldrel-macos-arm64 0.0-5 46.00 OK
r-oldrel-macos-x86_64 0.0-5 92.00 OK
r-oldrel-windows-ix86+x86_64 0.0-5 27.00 149.00 176.00 OK

Check Details

Version: 0.0-5
Check: Rd files
Result: NOTE
    checkRd: (-1) checkTS.VGAMextra.Rd:176: Escaped LaTeX specials: \&
Flavors: r-devel-linux-x86_64-debian-clang, r-devel-linux-x86_64-debian-gcc, r-devel-linux-x86_64-fedora-clang, r-devel-linux-x86_64-fedora-gcc, r-devel-windows-x86_64