CRAN Package Check Results for Package VIRF

Last updated on 2021-06-22 01:49:37 CEST.

Flavor Version Tinstall Tcheck Ttotal Status Flags
r-devel-linux-x86_64-debian-clang 0.1.0 16.26 138.45 154.71 NOTE
r-devel-linux-x86_64-debian-gcc 0.1.0 12.25 104.83 117.08 NOTE
r-devel-linux-x86_64-fedora-clang 0.1.0 194.83 NOTE
r-devel-linux-x86_64-fedora-gcc 0.1.0 183.81 NOTE
r-devel-windows-x86_64 0.1.0 25.00 153.00 178.00 NOTE
r-devel-windows-x86_64-gcc10-UCRT 0.1.0 ERROR
r-patched-linux-x86_64 0.1.0 14.67 131.44 146.11 NOTE
r-patched-solaris-x86 0.1.0 284.40 NOTE
r-release-linux-x86_64 0.1.0 15.28 130.18 145.46 NOTE
r-release-macos-arm64 0.1.0 NOTE
r-release-macos-x86_64 0.1.0 NOTE
r-release-windows-ix86+x86_64 0.1.0 40.00 162.00 202.00 NOTE
r-oldrel-macos-x86_64 0.1.0 OK

Check Details

Version: 0.1.0
Check: LazyData
Result: NOTE
     'LazyData' is specified without a 'data' directory
Flavors: r-devel-linux-x86_64-debian-clang, r-devel-linux-x86_64-debian-gcc, r-devel-linux-x86_64-fedora-clang, r-devel-linux-x86_64-fedora-gcc, r-devel-windows-x86_64, r-patched-linux-x86_64, r-patched-solaris-x86, r-release-linux-x86_64, r-release-macos-arm64, r-release-macos-x86_64, r-release-windows-ix86+x86_64

Version: 0.1.0
Check: package dependencies
Result: ERROR
    Packages required but not available: 'mgarchBEKK', 'matlib'
    
    See section 'The DESCRIPTION file' in the 'Writing R Extensions'
    manual.
Flavor: r-devel-windows-x86_64-gcc10-UCRT