CRAN Package Check Results for Package VTrack

Last updated on 2020-07-03 01:49:17 CEST.

Flavor Version Tinstall Tcheck Ttotal Status Flags
r-devel-linux-x86_64-debian-clang 1.21 21.02 177.06 198.08 OK
r-devel-linux-x86_64-debian-gcc 1.21 20.04 137.95 157.99 OK
r-devel-linux-x86_64-fedora-clang 1.21 258.13 NOTE
r-devel-linux-x86_64-fedora-gcc 1.21 246.84 NOTE
r-devel-windows-ix86+x86_64 1.21 69.00 240.00 309.00 OK
r-patched-linux-x86_64 1.21 16.96 175.17 192.13 OK
r-patched-solaris-x86 1.21 393.10 NOTE
r-release-linux-x86_64 1.21 19.29 175.77 195.06 OK
r-release-osx-x86_64 1.21 NOTE
r-release-windows-ix86+x86_64 1.21 47.00 168.00 215.00 OK
r-oldrel-osx-x86_64 1.21 NOTE
r-oldrel-windows-ix86+x86_64 1.21 52.00 229.00 281.00 OK

Check Details

Version: 1.21
Check: dependencies in R code
Result: NOTE
    Namespaces in Imports field not imported from:
     ‘Hmisc’ ‘XML’ ‘checkmate’ ‘gstat’ ‘intervals’
     All declared Imports should be used.
Flavors: r-devel-linux-x86_64-fedora-clang, r-devel-linux-x86_64-fedora-gcc, r-patched-solaris-x86, r-release-osx-x86_64, r-oldrel-osx-x86_64