CRAN Package Check Results for Package VWPre

Last updated on 2022-12-06 00:51:25 CET.

Flavor Version Tinstall Tcheck Ttotal Status Flags
r-devel-linux-x86_64-debian-clang 1.2.4 12.17 130.82 142.99 OK
r-devel-linux-x86_64-debian-gcc 1.2.4 9.46 94.49 103.95 OK
r-devel-linux-x86_64-fedora-clang 1.2.4 185.14 NOTE
r-devel-linux-x86_64-fedora-gcc 1.2.4 189.52 OK
r-devel-windows-x86_64 1.2.4 29.00 160.00 189.00 OK
r-patched-linux-x86_64 1.2.4 13.24 117.70 130.94 OK
r-release-linux-x86_64 1.2.4 11.15 112.98 124.13 OK
r-release-macos-arm64 1.2.4 56.00 OK
r-release-macos-x86_64 1.2.4 90.00 OK
r-release-windows-x86_64 1.2.4 32.00 161.00 193.00 OK
r-oldrel-macos-arm64 1.2.4 67.00 OK
r-oldrel-macos-x86_64 1.2.4 76.00 OK
r-oldrel-windows-ix86+x86_64 1.2.4 24.00 152.00 176.00 OK

Check Details

Version: 1.2.4
Check: Rd cross-references
Result: NOTE
    Undeclared package ‘tibble’ in Rd xrefs
Flavor: r-devel-linux-x86_64-fedora-clang