CRAN Package Check Results for Package VancouvR

Last updated on 2020-04-02 01:53:31 CEST.

Flavor Version Tinstall Tcheck Ttotal Status Flags
r-devel-linux-x86_64-debian-clang 0.1.1 6.90 163.36 170.26 OK
r-devel-linux-x86_64-debian-gcc 0.1.1 5.96 109.39 115.35 OK
r-devel-linux-x86_64-fedora-clang 0.1.1 180.33 OK
r-devel-linux-x86_64-fedora-gcc 0.1.1 175.05 OK
r-devel-windows-ix86+x86_64 0.1.1 20.00 220.00 240.00 OK
r-devel-windows-ix86+x86_64-gcc8 0.1.1 18.00 223.00 241.00 OK
r-patched-linux-x86_64 0.1.1 6.16 143.02 149.18 OK
r-patched-solaris-x86 0.1.1 275.20 OK
r-release-linux-x86_64 0.1.1 4.68 134.23 138.91 OK
r-release-windows-ix86+x86_64 0.1.1 13.00 247.00 260.00 OK
r-release-osx-x86_64 0.1.1 OK
r-oldrel-windows-ix86+x86_64 0.1.1 13.00 0.00 13.00 FAIL
r-oldrel-osx-x86_64 0.1.1 OK

Check Details

Version: 0.1.1
Check: re-building of vignette outputs
Result: FAIL
    Check process probably crashed or hung up for 20 minutes ... killed
    Most likely this happened in the example checks (?),
    if not, ignore the following last lines of example output:
    > # search available datasets relating to trees
    > search_cov_datasets("trees")
    # A tibble: 2 x 17
     dataset_id title keyword `search-term` datasetid `data-owner` `data-team`
     <chr> <chr> <chr> <chr> <chr> <chr> <chr>
    1 street-tr~ Stre~ <NA> tree canopy street-t~ City of Van~ Vancouver ~
    2 community~ Comm~ <NA> local, commu~ communit~ City of Van~ Arts, Cult~
    # ... with 10 more variables: description <chr>, theme <chr>, license <chr>,
    # license_url <chr>, modified <chr>, data_processed <chr>,
    # metadata_processed <chr>, publisher <chr>, records_count <chr>,
    # federated <chr>
    >
    >
    >
    >
    > ### * <FOOTER>
    > ###
    > cleanEx()
    > options(digits = 7L)
    > base::cat("Time elapsed: ", proc.time() - base::get("ptime", pos = 'CheckExEnv'),"\n")
    Time elapsed: 3.41 0.6 7.22 NA NA
    > grDevices::dev.off()
    null device
     1
    > ###
    > ### Local variables: ***
    > ### mode: outline-minor ***
    > ### outline-regexp: "\\(> \\)?### [*]+" ***
    > ### End: ***
    > quit('no')
    ======== End of example output (where/before crash/hang up occured ?) ========
Flavor: r-oldrel-windows-ix86+x86_64