CRAN Package Check Results for Package VarBundle

Last updated on 2020-03-30 02:48:48 CEST.

Flavor Version Tinstall Tcheck Ttotal Status Flags
r-devel-linux-x86_64-debian-clang 0.3.0 NOTE
r-devel-linux-x86_64-debian-gcc 0.3.0 3.26 29.83 33.09 NOTE
r-devel-linux-x86_64-fedora-clang 0.3.0 51.88 OK
r-devel-linux-x86_64-fedora-gcc 0.3.0 49.37 OK
r-devel-windows-ix86+x86_64 0.3.0 9.00 50.00 59.00 NOTE
r-devel-windows-ix86+x86_64-gcc8 0.3.0 12.00 48.00 60.00 NOTE
r-patched-linux-x86_64 0.3.0 3.38 36.31 39.69 NOTE
r-patched-solaris-x86 0.3.0 76.90 OK
r-release-linux-x86_64 0.3.0 3.42 34.28 37.70 OK
r-release-windows-ix86+x86_64 0.3.0 15.00 71.00 86.00 OK
r-release-osx-x86_64 0.3.0 OK
r-oldrel-windows-ix86+x86_64 0.3.0 8.00 66.00 74.00 OK
r-oldrel-osx-x86_64 0.3.0 OK

Check Details

Version: 0.3.0
Check: package vignettes
Result: NOTE
    Package vignette with placeholder title 'Vignette Title':
     'intro-to-varbundle.Rmd'
Flavors: r-devel-linux-x86_64-debian-clang, r-devel-linux-x86_64-debian-gcc, r-devel-windows-ix86+x86_64, r-devel-windows-ix86+x86_64-gcc8, r-patched-linux-x86_64