CRAN Package Check Results for Package VarfromPDB

Last updated on 2020-03-30 02:48:48 CEST.

Flavor Version Tinstall Tcheck Ttotal Status Flags
r-devel-linux-x86_64-debian-clang 2.2.10 OK
r-devel-linux-x86_64-debian-gcc 2.2.10 5.79 39.50 45.29 OK
r-devel-linux-x86_64-fedora-clang 2.2.10 69.22 OK
r-devel-linux-x86_64-fedora-gcc 2.2.10 66.81 OK
r-devel-windows-ix86+x86_64 2.2.10 13.00 58.00 71.00 OK
r-devel-windows-ix86+x86_64-gcc8 2.2.10 13.00 59.00 72.00 WARN
r-patched-linux-x86_64 2.2.10 6.17 48.68 54.85 OK
r-patched-solaris-x86 2.2.10 109.20 OK
r-release-linux-x86_64 2.2.10 6.00 44.38 50.38 OK
r-release-windows-ix86+x86_64 2.2.10 17.00 79.00 96.00 OK
r-release-osx-x86_64 2.2.10 OK
r-oldrel-windows-ix86+x86_64 2.2.10 12.00 76.00 88.00 OK
r-oldrel-osx-x86_64 2.2.10 OK

Check Details

Version: 2.2.10
Check: whether package can be installed
Result: WARN
    Found the following significant warnings:
     Warning: No CA bundle found. SSL validation disabled.
Flavor: r-devel-windows-ix86+x86_64-gcc8