CRAN Package Check Results for Package VennDiagram

Last updated on 2020-06-06 02:07:17 CEST.

Flavor Version Tinstall Tcheck Ttotal Status Flags
r-devel-linux-x86_64-debian-clang 1.6.20 9.47 55.02 64.49 NOTE
r-devel-linux-x86_64-debian-gcc 1.6.20 6.48 42.86 49.34 NOTE
r-devel-linux-x86_64-fedora-clang 1.6.20 86.12 NOTE
r-devel-linux-x86_64-fedora-gcc 1.6.20 75.59 NOTE
r-devel-windows-ix86+x86_64 1.6.20 16.00 80.00 96.00 OK
r-patched-linux-x86_64 1.6.20 8.62 55.89 64.51 NOTE
r-patched-solaris-x86 1.6.20 104.30 NOTE
r-release-linux-x86_64 1.6.20 7.85 55.44 63.29 NOTE
r-release-osx-x86_64 1.6.20 OK
r-release-windows-ix86+x86_64 1.6.20 15.00 89.00 104.00 OK
r-oldrel-osx-x86_64 1.6.20 OK
r-oldrel-windows-ix86+x86_64 1.6.20 13.00 64.00 77.00 OK

Check Details

Version: 1.6.20
Check: for non-standard things in the check directory
Result: NOTE
    Found the following files/directories:
     'Fig3-1_triple_labels_sub_and_superscripts.tiff'
     'Fig3-2_Euler_3set_simple_with_subscripts.tiff'
     'Pairwise_Venn_diagram.tiff' 'Quad_Venn_diagram.tiff'
     'Quintuple_Venn_diagram.tiff' 'Single_Venn_diagram.tiff'
     'Triple_Venn_diagram.tiff' 'Venn_2set_complex.tiff'
     'Venn_4set_pretty.tiff' 'Venn_5set_pretty.tiff'
Flavors: r-devel-linux-x86_64-debian-clang, r-devel-linux-x86_64-debian-gcc, r-devel-linux-x86_64-fedora-clang, r-devel-linux-x86_64-fedora-gcc, r-patched-linux-x86_64, r-patched-solaris-x86, r-release-linux-x86_64