CRAN Package Check Results for Package VetResearchLMM

Last updated on 2020-09-21 02:49:40 CEST.

Flavor Version Tinstall Tcheck Ttotal Status Flags
r-devel-linux-x86_64-debian-clang 1.0.0 10.30 88.28 98.58 OK
r-devel-linux-x86_64-debian-gcc 1.0.0 9.04 66.69 75.73 OK
r-devel-linux-x86_64-fedora-clang 1.0.0 132.11 NOTE
r-devel-linux-x86_64-fedora-gcc 1.0.0 122.82 NOTE
r-devel-windows-ix86+x86_64 1.0.0 26.00 97.00 123.00 OK
r-patched-linux-x86_64 1.0.0 11.57 84.54 96.11 OK
r-patched-solaris-x86 1.0.0 175.30 NOTE
r-release-linux-x86_64 1.0.0 10.56 85.45 96.01 OK
r-release-macos-x86_64 1.0.0 NOTE
r-release-windows-ix86+x86_64 1.0.0 26.00 119.00 145.00 OK
r-oldrel-macos-x86_64 1.0.0 NOTE
r-oldrel-windows-ix86+x86_64 1.0.0 18.00 95.00 113.00 OK

Check Details

Version: 1.0.0
Check: dependencies in R code
Result: NOTE
    Namespace in Imports field not imported from: ‘nlme’
     All declared Imports should be used.
Flavors: r-devel-linux-x86_64-fedora-clang, r-devel-linux-x86_64-fedora-gcc, r-patched-solaris-x86, r-release-macos-x86_64, r-oldrel-macos-x86_64