CRAN Package Check Results for Package VineCopula

Last updated on 2020-12-05 00:47:41 CET.

Flavor Version Tinstall Tcheck Ttotal Status Flags
r-devel-linux-x86_64-debian-clang 2.4.1 29.77 140.18 169.95 OK
r-devel-linux-x86_64-debian-gcc 2.4.1 24.09 102.84 126.93 OK
r-devel-linux-x86_64-fedora-clang 2.4.1 215.88 NOTE
r-devel-linux-x86_64-fedora-gcc 2.4.1 207.81 OK
r-devel-windows-ix86+x86_64 2.4.1 74.00 252.00 326.00 OK
r-patched-linux-x86_64 2.4.1 27.83 129.79 157.62 OK
r-patched-solaris-x86 2.4.1 266.40 OK
r-release-linux-x86_64 2.4.1 28.84 130.88 159.72 OK
r-release-macos-x86_64 2.4.1 OK
r-release-windows-ix86+x86_64 2.4.1 62.00 205.00 267.00 OK
r-oldrel-macos-x86_64 2.4.1 OK
r-oldrel-windows-ix86+x86_64 2.4.1 70.00 250.00 320.00 OK

Check Details

Version: 2.4.1
Check: Rd cross-references
Result: NOTE
    Undeclared packages ‘foreach’, ‘copula’ in Rd xrefs
Flavor: r-devel-linux-x86_64-fedora-clang