Last updated on 2023-09-24 08:58:33 CEST.
Flavor | Version | Tinstall | Tcheck | Ttotal | Status | Flags |
---|---|---|---|---|---|---|
r-devel-linux-x86_64-debian-clang | 1.0.0 | 4.85 | 102.15 | 107.00 | NOTE | |
r-devel-linux-x86_64-debian-gcc | 1.0.0 | 3.10 | 69.37 | 72.47 | NOTE | |
r-devel-linux-x86_64-fedora-clang | 1.0.0 | 112.04 | NOTE | |||
r-devel-linux-x86_64-fedora-gcc | 1.0.0 | 114.01 | NOTE | |||
r-devel-windows-x86_64 | 1.0.0 | 8.00 | 83.00 | 91.00 | NOTE | |
r-patched-linux-x86_64 | 1.0.0 | 3.29 | 85.60 | 88.89 | NOTE | |
r-release-linux-x86_64 | 1.0.0 | 3.84 | 85.56 | 89.40 | NOTE | |
r-release-macos-arm64 | 1.0.0 | 32.00 | NOTE | |||
r-release-macos-x86_64 | 1.0.0 | 53.00 | NOTE | |||
r-release-windows-x86_64 | 1.0.0 | 9.00 | 93.00 | 102.00 | NOTE | |
r-oldrel-macos-arm64 | 1.0.0 | 28.00 | NOTE | |||
r-oldrel-macos-x86_64 | 1.0.0 | 42.00 | NOTE | |||
r-oldrel-windows-x86_64 | 1.0.0 | 8.00 | 89.00 | 97.00 | NOTE |
Version: 1.0.0
Check: LazyData
Result: NOTE
'LazyData' is specified without a 'data' directory
Flavors: r-devel-linux-x86_64-debian-clang, r-devel-linux-x86_64-debian-gcc, r-devel-linux-x86_64-fedora-clang, r-devel-linux-x86_64-fedora-gcc, r-devel-windows-x86_64, r-patched-linux-x86_64, r-release-linux-x86_64, r-release-macos-arm64, r-release-macos-x86_64, r-release-windows-x86_64, r-oldrel-macos-arm64, r-oldrel-macos-x86_64, r-oldrel-windows-x86_64