CRAN Package Check Results for Package W3CMarkupValidator

Last updated on 2020-07-11 02:09:38 CEST.

Flavor Version Tinstall Tcheck Ttotal Status Flags
r-devel-linux-x86_64-debian-clang 0.1-6 1.96 21.28 23.24 OK
r-devel-linux-x86_64-debian-gcc 0.1-6 1.72 17.31 19.03 OK
r-devel-linux-x86_64-fedora-clang 0.1-6 37.41 NOTE
r-devel-linux-x86_64-fedora-gcc 0.1-6 27.63 OK
r-devel-windows-ix86+x86_64 0.1-6 7.00 43.00 50.00 OK
r-patched-linux-x86_64 0.1-6 2.35 21.34 23.69 OK
r-patched-solaris-x86 0.1-6 45.90 OK
r-release-linux-x86_64 0.1-6 2.01 21.40 23.41 OK
r-release-osx-x86_64 0.1-6 OK
r-release-windows-ix86+x86_64 0.1-6 5.00 44.00 49.00 OK
r-oldrel-osx-x86_64 0.1-6 OK
r-oldrel-windows-ix86+x86_64 0.1-6 6.00 37.00 43.00 OK

Check Details

Version: 0.1-6
Check: Rd cross-references
Result: NOTE
    Undeclared package ‘RCurl’ in Rd xrefs
Flavor: r-devel-linux-x86_64-fedora-clang