CRAN Package Check Results for Package WRI

Last updated on 2024-07-22 06:49:23 CEST.

Flavor Version Tinstall Tcheck Ttotal Status Flags
r-devel-linux-x86_64-debian-clang 0.2.0 54.54 108.92 163.46 NOTE
r-devel-linux-x86_64-debian-gcc 0.2.0 31.38 81.59 112.97 NOTE
r-devel-linux-x86_64-fedora-clang 0.2.0 255.55 NOTE
r-devel-linux-x86_64-fedora-gcc 0.2.0 240.75 NOTE
r-devel-windows-x86_64 0.2.0 41.00 117.00 158.00 NOTE
r-patched-linux-x86_64 0.2.0 36.23 104.13 140.36 NOTE
r-release-linux-x86_64 0.2.0 29.81 103.95 133.76 NOTE
r-release-macos-arm64 0.2.0 68.00 NOTE
r-release-macos-x86_64 0.2.0 82.00 NOTE
r-release-windows-x86_64 0.2.0 51.00 116.00 167.00 NOTE
r-oldrel-macos-arm64 0.2.0 78.00 OK
r-oldrel-macos-x86_64 0.2.0 109.00 OK
r-oldrel-windows-x86_64 0.2.0 66.00 138.00 204.00 OK

Check Details

Version: 0.2.0
Check: Rd files
Result: NOTE checkRd: (-1) confidenceBands.Rd:41: Lost braces in \itemize; \value handles \item{}{} directly checkRd: (-1) confidenceBands.Rd:42: Lost braces in \itemize; \value handles \item{}{} directly checkRd: (-1) confidenceBands.Rd:43: Lost braces in \itemize; \value handles \item{}{} directly checkRd: (-1) confidenceBands.Rd:44: Lost braces in \itemize; \value handles \item{}{} directly checkRd: (-1) confidenceBands.Rd:48: Lost braces in \itemize; \value handles \item{}{} directly checkRd: (-1) confidenceBands.Rd:49: Lost braces in \itemize; \value handles \item{}{} directly checkRd: (-1) confidenceBands.Rd:50: Lost braces in \itemize; \value handles \item{}{} directly checkRd: (-1) confidenceBands.Rd:51: Lost braces in \itemize; \value handles \item{}{} directly checkRd: (-1) confidenceBands.Rd:54: Lost braces in \itemize; \value handles \item{}{} directly checkRd: (-1) confidenceBands.Rd:55: Lost braces in \itemize; \value handles \item{}{} directly checkRd: (-1) confidenceBands.Rd:56: Lost braces in \itemize; \value handles \item{}{} directly checkRd: (-1) confidenceBands.Rd:57: Lost braces in \itemize; \value handles \item{}{} directly checkRd: (-1) confidenceBands.Rd:58: Lost braces in \itemize; \value handles \item{}{} directly checkRd: (-1) globalFtest.Rd:46: Lost braces in \itemize; meant \describe ? checkRd: (-1) globalFtest.Rd:47: Lost braces in \itemize; meant \describe ? checkRd: (-1) globalFtest.Rd:48: Lost braces in \itemize; meant \describe ? checkRd: (-1) globalFtest.Rd:49: Lost braces in \itemize; meant \describe ? checkRd: (-1) globalFtest.Rd:35: Lost braces in \itemize; \value handles \item{}{} directly checkRd: (-1) globalFtest.Rd:36: Lost braces in \itemize; \value handles \item{}{} directly checkRd: (-1) globalFtest.Rd:37: Lost braces in \itemize; \value handles \item{}{} directly checkRd: (-1) globalFtest.Rd:38: Lost braces in \itemize; \value handles \item{}{} directly checkRd: (-1) partialFtest.Rd:29: Lost braces in \itemize; meant \describe ? checkRd: (-1) partialFtest.Rd:30: Lost braces in \itemize; meant \describe ? checkRd: (-1) simulate_quantile_curves.Rd:19: Lost braces; missing escapes or markup? 19 | {quan_obs} {n-by-m matrix of quantile functions} | ^ checkRd: (-1) wass_regress.Rd:38: Lost braces in \itemize; \value handles \item{}{} directly checkRd: (-1) wass_regress.Rd:39: Lost braces in \itemize; \value handles \item{}{} directly checkRd: (-1) wass_regress.Rd:40: Lost braces in \itemize; \value handles \item{}{} directly checkRd: (-1) wass_regress.Rd:41: Lost braces in \itemize; \value handles \item{}{} directly Flavors: r-devel-linux-x86_64-debian-clang, r-devel-linux-x86_64-debian-gcc, r-devel-linux-x86_64-fedora-clang, r-devel-linux-x86_64-fedora-gcc, r-devel-windows-x86_64, r-patched-linux-x86_64, r-release-linux-x86_64, r-release-macos-arm64, r-release-macos-x86_64, r-release-windows-x86_64

Version: 0.2.0
Check: dependencies in R code
Result: NOTE Namespaces in Imports field not imported from: ‘fdadensity’ ‘locfit’ ‘locpol’ ‘modeest’ All declared Imports should be used. Flavors: r-devel-linux-x86_64-fedora-clang, r-devel-linux-x86_64-fedora-gcc