Last updated on 2022-06-28 01:51:48 CEST.
Flavor | Version | Tinstall | Tcheck | Ttotal | Status | Flags |
---|---|---|---|---|---|---|
r-devel-linux-x86_64-debian-clang | 1.2.1 | 162.46 | 128.02 | 290.48 | OK | |
r-devel-linux-x86_64-debian-gcc | 1.2.1 | 120.66 | 93.48 | 214.14 | OK | |
r-devel-linux-x86_64-fedora-clang | 1.2.1 | 410.05 | NOTE | |||
r-devel-linux-x86_64-fedora-gcc | 1.2.1 | 352.08 | OK | |||
r-devel-windows-x86_64 | 1.2.1 | 115.00 | 173.00 | 288.00 | OK | |
r-patched-linux-x86_64 | 1.2.1 | 129.00 | 123.24 | 252.24 | OK | |
r-release-linux-x86_64 | 1.2.1 | 128.99 | 124.67 | 253.66 | OK | |
r-release-macos-arm64 | 1.2.1 | 111.00 | NOTE | |||
r-release-macos-x86_64 | 1.2.1 | 159.00 | NOTE | |||
r-release-windows-x86_64 | 1.2.1 | 107.00 | 177.00 | 284.00 | OK | |
r-oldrel-macos-arm64 | 1.2.1 | 87.00 | NOTE | |||
r-oldrel-macos-x86_64 | 1.2.1 | 146.00 | NOTE | |||
r-oldrel-windows-ix86+x86_64 | 1.2.1 | 310.00 | 224.00 | 534.00 | OK |
Version: 1.2.1
Check: installed package size
Result: NOTE
installed size is 8.5Mb
sub-directories of 1Mb or more:
libs 8.2Mb
Flavors: r-devel-linux-x86_64-fedora-clang, r-release-macos-arm64, r-release-macos-x86_64, r-oldrel-macos-arm64, r-oldrel-macos-x86_64