CRAN Package Check Results for Package WaverR

Last updated on 2021-09-26 01:50:10 CEST.

Flavor Version Tinstall Tcheck Ttotal Status Flags
r-devel-linux-x86_64-debian-clang 1.0 2.35 30.17 32.52 NOTE
r-devel-linux-x86_64-debian-gcc 1.0 1.81 22.82 24.63 NOTE
r-devel-linux-x86_64-fedora-clang 1.0 48.10 NOTE
r-devel-linux-x86_64-fedora-gcc 1.0 37.37 NOTE
r-devel-windows-x86_64 1.0 3.00 33.00 36.00 OK
r-devel-windows-x86_64-gcc10-UCRT 1.0 OK
r-patched-linux-x86_64 1.0 2.29 29.05 31.34 NOTE
r-patched-solaris-x86 1.0 57.20 NOTE
r-release-linux-x86_64 1.0 2.34 29.01 31.35 NOTE
r-release-macos-arm64 1.0 OK
r-release-macos-x86_64 1.0 OK
r-release-windows-ix86+x86_64 1.0 6.00 45.00 51.00 OK
r-oldrel-macos-x86_64 1.0 OK
r-oldrel-windows-ix86+x86_64 1.0 5.00 36.00 41.00 OK

Check Details

Version: 1.0
Check: for non-standard things in the check directory
Result: NOTE
    Found the following files/directories:
     'ReconstructedData.txt' 'ReconstructedDataStDev.txt'
     'ResampledReconstructions.txt'
     'ResampledReconstructionsStandardVariation.txt'
Flavors: r-devel-linux-x86_64-debian-clang, r-devel-linux-x86_64-debian-gcc, r-devel-linux-x86_64-fedora-clang, r-devel-linux-x86_64-fedora-gcc, r-patched-linux-x86_64, r-patched-solaris-x86, r-release-linux-x86_64