Last updated on 2023-10-02 07:56:43 CEST.
Flavor | Version | Tinstall | Tcheck | Ttotal | Status | Flags |
---|---|---|---|---|---|---|
r-devel-linux-x86_64-debian-clang | 0.9.8 | 9.16 | 131.99 | 141.15 | NOTE | |
r-devel-linux-x86_64-debian-gcc | 0.9.8 | 7.85 | 95.05 | 102.90 | NOTE | |
r-devel-linux-x86_64-fedora-clang | 0.9.8 | 166.90 | NOTE | |||
r-devel-linux-x86_64-fedora-gcc | 0.9.8 | 172.93 | NOTE | |||
r-devel-windows-x86_64 | 0.9.8 | 9.00 | 130.00 | 139.00 | NOTE | |
r-patched-linux-x86_64 | 0.9.8 | 9.86 | 123.02 | 132.88 | OK | |
r-release-linux-x86_64 | 0.9.8 | 9.91 | 122.37 | 132.28 | OK | |
r-release-macos-arm64 | 0.9.8 | 57.00 | OK | |||
r-release-macos-x86_64 | 0.9.8 | 139.00 | OK | |||
r-release-windows-x86_64 | 0.9.8 | 12.00 | 147.00 | 159.00 | OK | |
r-oldrel-macos-arm64 | 0.9.8 | 54.00 | OK | |||
r-oldrel-macos-x86_64 | 0.9.8 | 77.00 | OK | |||
r-oldrel-windows-x86_64 | 0.9.8 | 13.00 | 155.00 | 168.00 | OK |
Version: 0.9.8
Check: Rd contents
Result: NOTE
Argument items with no description in Rd object 'plotByRate':
‘baseTimeCol’ ‘baseDataCol’ ‘baseBaseRateCol’
Flavors: r-devel-linux-x86_64-debian-clang, r-devel-linux-x86_64-debian-gcc, r-devel-linux-x86_64-fedora-clang, r-devel-linux-x86_64-fedora-gcc, r-devel-windows-x86_64