CRAN Package Check Results for Package WeibullR

Last updated on 2020-07-09 01:57:54 CEST.

Flavor Version Tinstall Tcheck Ttotal Status Flags
r-devel-linux-x86_64-debian-clang 1.0.12 112.88 50.53 163.41 OK
r-devel-linux-x86_64-debian-gcc 1.0.12 84.70 38.73 123.43 OK
r-devel-linux-x86_64-fedora-clang 1.0.12 224.70 NOTE
r-devel-linux-x86_64-fedora-gcc 1.0.12 207.15 OK
r-devel-windows-ix86+x86_64 1.0.12 190.00 99.00 289.00 OK
r-patched-linux-x86_64 1.0.12 94.14 50.31 144.45 OK
r-patched-solaris-x86 1.0.12 202.30 OK
r-release-linux-x86_64 1.0.12 91.40 49.99 141.39 OK
r-release-osx-x86_64 1.0.12 NOTE
r-release-windows-ix86+x86_64 1.0.12 183.00 122.00 305.00 OK
r-oldrel-osx-x86_64 1.0.12 OK
r-oldrel-windows-ix86+x86_64 1.0.12 194.00 115.00 309.00 OK

Check Details

Version: 1.0.12
Check: installed package size
Result: NOTE
     installed size is 6.6Mb
     sub-directories of 1Mb or more:
     libs 6.1Mb
Flavors: r-devel-linux-x86_64-fedora-clang, r-release-osx-x86_64