CRAN Package Check Results for Package WeibullR

Last updated on 2019-12-07 00:53:54 CET.

Flavor Version Tinstall Tcheck Ttotal Status Flags
r-devel-linux-x86_64-debian-clang 1.0.12 109.14 50.56 159.70 OK
r-devel-linux-x86_64-debian-gcc 1.0.12 77.63 38.29 115.92 OK
r-devel-linux-x86_64-fedora-clang 1.0.12 202.32 NOTE
r-devel-linux-x86_64-fedora-gcc 1.0.12 201.87 OK
r-devel-windows-ix86+x86_64 1.0.12 179.00 109.00 288.00 OK
r-devel-windows-ix86+x86_64-gcc8 1.0.12 187.00 94.00 281.00 OK
r-patched-linux-x86_64 1.0.12 80.17 45.62 125.79 OK
r-patched-solaris-x86 1.0.12 171.10 OK
r-release-linux-x86_64 1.0.12 84.41 46.39 130.80 OK
r-release-windows-ix86+x86_64 1.0.12 215.00 80.00 295.00 OK
r-release-osx-x86_64 1.0.12 OK
r-oldrel-windows-ix86+x86_64 1.0.12 143.00 105.00 248.00 OK
r-oldrel-osx-x86_64 1.0.12 OK

Check Details

Version: 1.0.12
Check: installed package size
Result: NOTE
     installed size is 5.8Mb
     sub-directories of 1Mb or more:
     libs 5.3Mb
Flavor: r-devel-linux-x86_64-fedora-clang