CRAN Package Check Results for Package WeightIt

Last updated on 2020-08-14 01:49:23 CEST.

Flavor Version Tinstall Tcheck Ttotal Status Flags
r-devel-linux-x86_64-debian-clang 0.10.0 17.46 123.44 140.90 ERROR
r-devel-linux-x86_64-debian-gcc 0.10.1 12.38 100.81 113.19 OK
r-devel-linux-x86_64-fedora-clang 0.10.1 188.83 OK
r-devel-linux-x86_64-fedora-gcc 0.10.1 179.19 OK
r-devel-windows-ix86+x86_64 0.10.0 36.00 110.00 146.00 ERROR
r-patched-linux-x86_64 0.10.0 14.65 135.63 150.28 OK
r-patched-solaris-x86 0.10.1 251.40 OK
r-release-linux-x86_64 0.10.1 11.08 132.64 143.72 OK
r-release-macos-x86_64 0.10.0 OK
r-release-windows-ix86+x86_64 0.10.0 33.00 7.00 40.00 ERROR
r-oldrel-macos-x86_64 0.10.1 OK
r-oldrel-windows-ix86+x86_64 0.10.0 15.00 5.00 20.00 ERROR

Check Details

Version: 0.10.0
Check: package dependencies
Result: NOTE
    Package suggested but not available for checking: 'misaem'
Flavor: r-devel-linux-x86_64-debian-clang

Version: 0.10.0
Check: examples
Result: ERROR
    Running examples in 'WeightIt-Ex.R' failed
    The error most likely occurred in:
    
    > base::assign(".ptime", proc.time(), pos = "CheckExEnv")
    > ### Name: method_energy
    > ### Title: Entropy Balancing
    > ### Aliases: method_energy
    >
    > ### ** Examples
    >
    > library("cobalt")
     cobalt (Version 4.2.2, Build Date: 2020-06-26 15:50:03 UTC)
    > data("lalonde", package = "cobalt")
    >
    > #Balancing covariates between treatment groups (binary)
    > (W1 <- weightit(treat ~ age + educ + married +
    + nodegree + re74, data = lalonde,
    + method = "energy", estimand = "ATE"))
    Error: All weights are 2143289344.
    Execution halted
Flavor: r-devel-linux-x86_64-debian-clang

Version: 0.10.0
Check: examples
Result: ERROR
    Running examples in 'WeightIt-Ex.R' failed
    The error most likely occurred in:
    
    > ### Name: method_energy
    > ### Title: Entropy Balancing
    > ### Aliases: method_energy
    >
    > ### ** Examples
    >
    > library("cobalt")
     cobalt (Version 4.2.2, Build Date: 2020-06-26 15:50:03 UTC)
    > data("lalonde", package = "cobalt")
    >
    > #Balancing covariates between treatment groups (binary)
    > (W1 <- weightit(treat ~ age + educ + married +
    + nodegree + re74, data = lalonde,
    + method = "energy", estimand = "ATE"))
    Error: All weights are 2143289344.
    Execution halted
Flavor: r-devel-windows-ix86+x86_64

Version: 0.10.0
Check: package dependencies
Result: ERROR
    Package required and available but unsuitable version: 'backports'
    
    See section 'The DESCRIPTION file' in the 'Writing R Extensions'
    manual.
Flavors: r-release-windows-ix86+x86_64, r-oldrel-windows-ix86+x86_64