CRAN Package Check Results for Package WikidataR

Last updated on 2020-07-06 01:54:22 CEST.

Flavor Version Tinstall Tcheck Ttotal Status Flags
r-devel-linux-x86_64-debian-clang 1.4.0 2.38 51.10 53.48 OK
r-devel-linux-x86_64-debian-gcc 1.4.0 1.88 39.07 40.95 OK
r-devel-linux-x86_64-fedora-clang 1.4.0 71.94 NOTE
r-devel-linux-x86_64-fedora-gcc 1.4.0 63.75 NOTE
r-devel-windows-ix86+x86_64 1.4.0 13.00 120.00 133.00 OK
r-patched-linux-x86_64 1.4.0 2.48 51.77 54.25 OK
r-patched-solaris-x86 1.4.0 85.90 NOTE
r-release-linux-x86_64 1.4.0 2.47 52.35 54.82 OK
r-release-osx-x86_64 1.4.0 NOTE
r-release-windows-ix86+x86_64 1.4.0 6.00 109.00 115.00 OK
r-oldrel-osx-x86_64 1.4.0 NOTE
r-oldrel-windows-ix86+x86_64 1.4.0 6.00 120.00 126.00 OK

Check Details

Version: 1.4.0
Check: dependencies in R code
Result: NOTE
    Namespace in Imports field not imported from: ‘utils’
     All declared Imports should be used.
Flavors: r-devel-linux-x86_64-fedora-clang, r-devel-linux-x86_64-fedora-gcc, r-patched-solaris-x86, r-release-osx-x86_64, r-oldrel-osx-x86_64