CRAN Package Check Results for Package WikipediR

Last updated on 2024-03-04 07:48:45 CET.

Flavor Version Tinstall Tcheck Ttotal Status Flags
r-devel-linux-x86_64-debian-clang 1.5.0 2.84 33.56 36.40 NOTE
r-devel-linux-x86_64-debian-gcc 1.5.0 2.11 26.12 28.23 NOTE
r-devel-linux-x86_64-fedora-clang 1.5.0 45.97 NOTE
r-devel-linux-x86_64-fedora-gcc 1.5.0 56.76 NOTE
r-devel-windows-x86_64 1.5.0 4.00 67.00 71.00 OK
r-patched-linux-x86_64 1.5.0 2.59 32.90 35.49 NOTE
r-release-linux-x86_64 1.5.0 2.59 32.97 35.56 NOTE
r-release-macos-arm64 1.5.0 42.00 OK
r-release-macos-x86_64 1.5.0 53.00 OK
r-release-windows-x86_64 1.5.0 4.00 69.00 73.00 OK
r-oldrel-macos-arm64 1.5.0 43.00 OK
r-oldrel-windows-x86_64 1.5.0 4.00 67.00 71.00 OK

Check Details

Version: 1.5.0
Check: package dependencies
Result: NOTE Package suggested but not available for checking: ‘pageviews’ Flavors: r-devel-linux-x86_64-debian-clang, r-devel-linux-x86_64-debian-gcc, r-devel-linux-x86_64-fedora-clang, r-devel-linux-x86_64-fedora-gcc, r-patched-linux-x86_64, r-release-linux-x86_64