CRAN Package Check Results for Package WindCurves

Last updated on 2020-04-09 01:53:31 CEST.

Flavor Version Tinstall Tcheck Ttotal Status Flags
r-devel-linux-x86_64-debian-clang 0.1.3 3.20 26.68 29.88 NOTE
r-devel-linux-x86_64-debian-gcc 0.1.3 2.43 21.44 23.87 NOTE
r-devel-linux-x86_64-fedora-clang 0.1.3 37.10 NOTE
r-devel-linux-x86_64-fedora-gcc 0.1.3 37.47 NOTE
r-devel-windows-ix86+x86_64 0.1.3 11.00 44.00 55.00 NOTE
r-devel-windows-ix86+x86_64-gcc8 0.1.3 9.00 36.00 45.00 NOTE
r-patched-linux-x86_64 0.1.3 2.89 26.35 29.24 NOTE
r-patched-solaris-x86 0.1.3 57.40 NOTE
r-release-linux-x86_64 0.1.3 2.41 25.21 27.62 OK
r-release-windows-ix86+x86_64 0.1.3 10.00 69.00 79.00 OK
r-release-osx-x86_64 0.1.3 NOTE
r-oldrel-windows-ix86+x86_64 0.1.3 5.00 52.00 57.00 OK
r-oldrel-osx-x86_64 0.1.3 NOTE

Check Details

Version: 0.1.3
Check: package vignettes
Result: NOTE
    Package vignette with placeholder title 'Vignette Title':
     'WindCurves_Info.Rmd'
Flavors: r-devel-linux-x86_64-debian-clang, r-devel-linux-x86_64-debian-gcc, r-devel-windows-ix86+x86_64, r-devel-windows-ix86+x86_64-gcc8, r-patched-linux-x86_64

Version: 0.1.3
Check: dependencies in R code
Result: NOTE
    Namespaces in Imports field not imported from:
     ‘drc’ ‘imputeTestbench’
     All declared Imports should be used.
Flavors: r-devel-linux-x86_64-fedora-clang, r-devel-linux-x86_64-fedora-gcc, r-patched-solaris-x86, r-release-osx-x86_64, r-oldrel-osx-x86_64