CRAN Package Check Results for Package Wrapped

Last updated on 2020-07-04 02:12:43 CEST.

Flavor Version Tinstall Tcheck Ttotal Status Flags
r-devel-linux-x86_64-debian-clang 2.0 16.72 134.44 151.16 OK
r-devel-linux-x86_64-debian-gcc 2.0 12.19 103.76 115.95 OK
r-devel-linux-x86_64-fedora-clang 2.0 190.89 NOTE
r-devel-linux-x86_64-fedora-gcc 2.0 181.86 OK
r-devel-windows-ix86+x86_64 2.0 43.00 292.00 335.00 OK
r-patched-linux-x86_64 2.0 15.88 134.07 149.95 OK
r-patched-solaris-x86 2.0 258.50 OK
r-release-linux-x86_64 2.0 13.74 135.16 148.90 OK
r-release-osx-x86_64 2.0 OK
r-release-windows-ix86+x86_64 2.0 27.00 217.00 244.00 OK
r-oldrel-osx-x86_64 2.0 OK
r-oldrel-windows-ix86+x86_64 2.0 39.00 275.00 314.00 OK

Check Details

Version: 2.0
Check: package dependencies
Result: NOTE
    Imports includes 22 non-default packages.
    Importing from so many packages makes the package vulnerable to any of
    them becoming unavailable. Move as many as possible to Suggests and
    use conditionally.
Flavor: r-devel-linux-x86_64-fedora-clang