CRAN Package Check Results for Package XBRL

Last updated on 2020-09-21 02:49:41 CEST.

Flavor Version Tinstall Tcheck Ttotal Status Flags
r-devel-linux-x86_64-debian-clang 0.99.18 107.95 27.54 135.49 NOTE
r-devel-linux-x86_64-debian-gcc 0.99.18 76.30 21.50 97.80 NOTE
r-devel-linux-x86_64-fedora-clang 0.99.18 203.75 NOTE
r-devel-linux-x86_64-fedora-gcc 0.99.18 179.00 NOTE
r-devel-windows-ix86+x86_64 0.99.18 253.00 65.00 318.00 NOTE
r-patched-linux-x86_64 0.99.18 76.91 27.34 104.25 NOTE
r-patched-solaris-x86 0.99.18 167.80 NOTE
r-release-linux-x86_64 0.99.18 79.31 27.20 106.51 NOTE
r-release-macos-x86_64 0.99.18 NOTE
r-release-windows-ix86+x86_64 0.99.18 258.00 67.00 325.00 NOTE
r-oldrel-macos-x86_64 0.99.18 NOTE
r-oldrel-windows-ix86+x86_64 0.99.18 174.00 81.00 255.00 NOTE

Check Details

Version: 0.99.18
Check: top-level files
Result: NOTE
    Found a 'configure.in' file: 'configure.ac' has long been preferred.
     Output from running autoreconf:
     aclocal: warning: autoconf input should be named 'configure.ac', not 'configure.in'
Flavors: r-devel-linux-x86_64-debian-clang, r-devel-linux-x86_64-debian-gcc, r-devel-linux-x86_64-fedora-clang, r-devel-linux-x86_64-fedora-gcc, r-patched-linux-x86_64, r-release-linux-x86_64

Version: 0.99.18
Check: installed package size
Result: NOTE
     installed size is 6.2Mb
     sub-directories of 1Mb or more:
     libs 6.1Mb
Flavors: r-devel-windows-ix86+x86_64, r-release-macos-x86_64, r-release-windows-ix86+x86_64, r-oldrel-windows-ix86+x86_64

Version: 0.99.18
Check: top-level files
Result: NOTE
    Found a 'configure.in' file: 'configure.ac' has long been preferred.
Flavors: r-devel-windows-ix86+x86_64, r-patched-solaris-x86, r-release-macos-x86_64, r-release-windows-ix86+x86_64, r-oldrel-macos-x86_64, r-oldrel-windows-ix86+x86_64