CRAN Package Check Results for Package XLConnect

Last updated on 2020-07-03 01:49:18 CEST.

Flavor Version Tinstall Tcheck Ttotal Status Flags
r-devel-linux-x86_64-debian-clang 1.0.1 10.73 149.60 160.33 OK
r-devel-linux-x86_64-debian-gcc 1.0.1 8.27 118.76 127.03 OK
r-devel-linux-x86_64-fedora-clang 1.0.1 197.98 NOTE
r-devel-linux-x86_64-fedora-gcc 1.0.1 186.02 OK
r-devel-windows-ix86+x86_64 1.0.1 31.00 181.00 212.00 NOTE
r-patched-linux-x86_64 1.0.1 9.68 149.42 159.10 OK
r-release-linux-x86_64 1.0.1 10.22 150.11 160.33 OK
r-release-osx-x86_64 1.0.1 NOTE
r-release-windows-ix86+x86_64 1.0.1 24.00 141.00 165.00 NOTE
r-oldrel-osx-x86_64 1.0.1 NOTE
r-oldrel-windows-ix86+x86_64 1.0.1 25.00 183.00 208.00 NOTE

Check Details

Version: 1.0.1
Check: installed package size
Result: NOTE
     installed size is 28.4Mb
     sub-directories of 1Mb or more:
     java 26.2Mb
Flavors: r-devel-linux-x86_64-fedora-clang, r-devel-windows-ix86+x86_64, r-release-osx-x86_64, r-release-windows-ix86+x86_64, r-oldrel-osx-x86_64, r-oldrel-windows-ix86+x86_64