CRAN Package Check Results for Package YPBP

Last updated on 2023-02-06 00:52:48 CET.

Flavor Version Tinstall Tcheck Ttotal Status Flags
r-devel-linux-x86_64-debian-clang 0.0.1 231.62 158.11 389.73 NOTE
r-devel-linux-x86_64-debian-gcc 0.0.1 220.97 129.89 350.86 NOTE
r-devel-linux-x86_64-fedora-clang 0.0.1 504.96 NOTE
r-devel-linux-x86_64-fedora-gcc 0.0.1 574.25 NOTE
r-devel-windows-x86_64 0.0.1 733.00 230.00 963.00 NOTE
r-patched-linux-x86_64 0.0.1 222.54 168.19 390.73 NOTE
r-release-linux-x86_64 0.0.1 206.93 164.08 371.01 NOTE
r-release-macos-arm64 0.0.1 127.00 NOTE
r-release-macos-x86_64 0.0.1 233.00 NOTE
r-release-windows-x86_64 0.0.1 173.00 230.00 403.00 NOTE
r-oldrel-macos-arm64 0.0.1 159.00 NOTE
r-oldrel-macos-x86_64 0.0.1 289.00 NOTE
r-oldrel-windows-ix86+x86_64 0.0.1 543.00 311.00 854.00 NOTE

Check Details

Version: 0.0.1
Check: C++ specification
Result: NOTE
     Specified C++14: please update to current default of C++17
Flavors: r-devel-linux-x86_64-debian-clang, r-devel-linux-x86_64-debian-gcc, r-devel-linux-x86_64-fedora-clang, r-devel-linux-x86_64-fedora-gcc, r-devel-windows-x86_64

Version: 0.0.1
Check: for GNU extensions in Makefiles
Result: NOTE
    GNU make is a SystemRequirements.
Flavors: r-devel-linux-x86_64-debian-clang, r-devel-linux-x86_64-debian-gcc, r-devel-linux-x86_64-fedora-clang, r-devel-linux-x86_64-fedora-gcc, r-devel-windows-x86_64, r-patched-linux-x86_64, r-release-linux-x86_64, r-release-macos-arm64, r-release-macos-x86_64, r-release-windows-x86_64, r-oldrel-macos-arm64, r-oldrel-macos-x86_64, r-oldrel-windows-ix86+x86_64

Version: 0.0.1
Check: dependencies in R code
Result: NOTE
    Namespace in Imports field not imported from: ‘rstantools’
     All declared Imports should be used.
Flavors: r-devel-linux-x86_64-fedora-clang, r-devel-linux-x86_64-fedora-gcc, r-release-macos-arm64, r-release-macos-x86_64, r-oldrel-macos-arm64, r-oldrel-macos-x86_64

Version: 0.0.1
Check: installed package size
Result: NOTE
     installed size is 43.0Mb
     sub-directories of 1Mb or more:
     libs 42.7Mb
Flavors: r-release-macos-arm64, r-release-macos-x86_64, r-oldrel-macos-arm64, r-oldrel-macos-x86_64, r-oldrel-windows-ix86+x86_64