CRAN Package Check Results for Package YPPE

Last updated on 2020-07-09 01:57:54 CEST.

Flavor Version Tinstall Tcheck Ttotal Status Flags
r-devel-linux-x86_64-debian-clang 1.0.1 247.52 156.74 404.26 NOTE
r-devel-linux-x86_64-debian-gcc 1.0.1 229.49 117.81 347.30 NOTE
r-devel-linux-x86_64-fedora-clang 1.0.1 529.50 NOTE
r-devel-linux-x86_64-fedora-gcc 1.0.1 542.45 NOTE
r-devel-windows-ix86+x86_64 1.0.1 440.00 318.00 758.00 NOTE
r-patched-linux-x86_64 1.0.1 236.13 159.71 395.84 NOTE
r-patched-solaris-x86 1.0.1 620.50 NOTE
r-release-linux-x86_64 1.0.1 236.05 156.99 393.04 NOTE
r-release-osx-x86_64 1.0.1 NOTE
r-release-windows-ix86+x86_64 1.0.1 403.00 286.00 689.00 NOTE
r-oldrel-osx-x86_64 1.0.1 NOTE
r-oldrel-windows-ix86+x86_64 1.0.1 433.00 342.00 775.00 NOTE

Check Details

Version: 1.0.1
Check: for GNU extensions in Makefiles
Result: NOTE
    GNU make is a SystemRequirements.
Flavors: r-devel-linux-x86_64-debian-clang, r-devel-linux-x86_64-debian-gcc, r-devel-linux-x86_64-fedora-clang, r-devel-linux-x86_64-fedora-gcc, r-devel-windows-ix86+x86_64, r-patched-linux-x86_64, r-patched-solaris-x86, r-release-linux-x86_64, r-release-osx-x86_64, r-release-windows-ix86+x86_64, r-oldrel-osx-x86_64, r-oldrel-windows-ix86+x86_64

Version: 1.0.1
Check: installed package size
Result: NOTE
     installed size is 48.2Mb
     sub-directories of 1Mb or more:
     libs 47.9Mb
Flavors: r-devel-linux-x86_64-fedora-clang, r-devel-windows-ix86+x86_64, r-release-osx-x86_64, r-release-windows-ix86+x86_64, r-oldrel-osx-x86_64, r-oldrel-windows-ix86+x86_64

Version: 1.0.1
Check: dependencies in R code
Result: NOTE
    Namespace in Imports field not imported from: ‘rstantools’
     All declared Imports should be used.
Flavors: r-devel-linux-x86_64-fedora-clang, r-devel-linux-x86_64-fedora-gcc, r-patched-solaris-x86, r-release-osx-x86_64, r-oldrel-osx-x86_64