CRAN Package Check Results for Package YPPE

Last updated on 2019-12-06 00:50:17 CET.

Flavor Version Tinstall Tcheck Ttotal Status Flags
r-devel-linux-x86_64-debian-clang 1.0.0 204.97 114.82 319.79 NOTE
r-devel-linux-x86_64-debian-gcc 1.0.0 208.47 95.64 304.11 NOTE
r-devel-linux-x86_64-fedora-clang 1.0.0 423.76 NOTE
r-devel-linux-x86_64-fedora-gcc 1.0.0 485.11 NOTE
r-devel-windows-ix86+x86_64 1.0.0 344.00 257.00 601.00 NOTE
r-devel-windows-ix86+x86_64-gcc8 1.0.0 398.00 207.00 605.00 NOTE
r-patched-linux-x86_64 1.0.0 208.02 108.66 316.68 NOTE
r-patched-solaris-x86 1.0.0 438.00 NOTE
r-release-linux-x86_64 1.0.0 215.95 109.03 324.98 NOTE
r-release-windows-ix86+x86_64 1.0.0 345.00 158.00 503.00 NOTE
r-release-osx-x86_64 1.0.0 NOTE
r-oldrel-windows-ix86+x86_64 1.0.0 347.00 248.00 595.00 NOTE
r-oldrel-osx-x86_64 1.0.0 NOTE

Check Details

Version: 1.0.0
Check: for GNU extensions in Makefiles
Result: NOTE
    GNU make is a SystemRequirements.
Flavors: r-devel-linux-x86_64-debian-clang, r-devel-linux-x86_64-debian-gcc, r-devel-linux-x86_64-fedora-clang, r-devel-linux-x86_64-fedora-gcc, r-devel-windows-ix86+x86_64, r-devel-windows-ix86+x86_64-gcc8, r-patched-linux-x86_64, r-patched-solaris-x86, r-release-linux-x86_64, r-release-windows-ix86+x86_64, r-release-osx-x86_64, r-oldrel-windows-ix86+x86_64, r-oldrel-osx-x86_64

Version: 1.0.0
Check: installed package size
Result: NOTE
     installed size is 38.9Mb
     sub-directories of 1Mb or more:
     libs 38.6Mb
Flavors: r-devel-linux-x86_64-fedora-clang, r-devel-windows-ix86+x86_64-gcc8, r-release-osx-x86_64, r-oldrel-osx-x86_64

Version: 1.0.0
Check: dependencies in R code
Result: NOTE
    Namespace in Imports field not imported from: ‘rstantools’
     All declared Imports should be used.
Flavors: r-devel-linux-x86_64-fedora-clang, r-devel-linux-x86_64-fedora-gcc, r-patched-solaris-x86, r-release-osx-x86_64, r-oldrel-osx-x86_64