CRAN Package Check Results for Package YPPE

Last updated on 2020-10-22 02:49:54 CEST.

Flavor Version Tinstall Tcheck Ttotal Status Flags
r-devel-linux-x86_64-debian-clang 1.0.1 248.22 176.31 424.53 NOTE
r-devel-linux-x86_64-debian-gcc 1.0.1 228.09 134.89 362.98 NOTE
r-devel-linux-x86_64-fedora-clang 1.0.1 570.26 NOTE
r-devel-linux-x86_64-fedora-gcc 1.0.1 596.40 NOTE
r-devel-windows-ix86+x86_64 1.0.1 531.00 362.00 893.00 NOTE
r-patched-linux-x86_64 1.0.1 0.02 2.74 2.76 ERROR
r-patched-solaris-x86 1.0.1 630.80 NOTE
r-release-linux-x86_64 1.0.1 256.32 171.84 428.16 NOTE
r-release-macos-x86_64 1.0.1 NOTE
r-release-windows-ix86+x86_64 1.0.1 536.00 358.00 894.00 NOTE
r-oldrel-macos-x86_64 1.0.1 NOTE
r-oldrel-windows-ix86+x86_64 1.0.1 509.00 344.00 853.00 NOTE

Check Details

Version: 1.0.1
Check: for GNU extensions in Makefiles
Result: NOTE
    GNU make is a SystemRequirements.
Flavors: r-devel-linux-x86_64-debian-clang, r-devel-linux-x86_64-debian-gcc, r-devel-linux-x86_64-fedora-clang, r-devel-linux-x86_64-fedora-gcc, r-devel-windows-ix86+x86_64, r-patched-solaris-x86, r-release-linux-x86_64, r-release-macos-x86_64, r-release-windows-ix86+x86_64, r-oldrel-macos-x86_64, r-oldrel-windows-ix86+x86_64

Version: 1.0.1
Check: installed package size
Result: NOTE
     installed size is 47.2Mb
     sub-directories of 1Mb or more:
     libs 46.8Mb
Flavors: r-devel-linux-x86_64-fedora-clang, r-devel-windows-ix86+x86_64, r-release-macos-x86_64, r-release-windows-ix86+x86_64, r-oldrel-macos-x86_64, r-oldrel-windows-ix86+x86_64

Version: 1.0.1
Check: dependencies in R code
Result: NOTE
    Namespace in Imports field not imported from: ‘rstantools’
     All declared Imports should be used.
Flavors: r-devel-linux-x86_64-fedora-clang, r-devel-linux-x86_64-fedora-gcc, r-patched-solaris-x86, r-release-macos-x86_64, r-oldrel-macos-x86_64

Version: 1.0.1
Check: whether package can be installed
Result: ERROR
    Installation failed.
Flavor: r-patched-linux-x86_64