Last updated on 2023-11-28 07:52:54 CET.
Flavor | Version | Tinstall | Tcheck | Ttotal | Status | Flags |
---|---|---|---|---|---|---|
r-devel-linux-x86_64-debian-clang | 1.3.6 | 16.81 | 164.21 | 181.02 | NOTE | |
r-devel-linux-x86_64-debian-gcc | 1.3.6 | 13.79 | 117.91 | 131.70 | NOTE | |
r-devel-linux-x86_64-fedora-clang | 1.3.6 | 216.15 | NOTE | |||
r-devel-linux-x86_64-fedora-gcc | 1.3.6 | 208.84 | NOTE | |||
r-devel-windows-x86_64 | 1.3.6 | 16.00 | 123.00 | 139.00 | NOTE | |
r-patched-linux-x86_64 | 1.3.6 | 16.21 | 150.15 | 166.36 | NOTE | |
r-release-linux-x86_64 | 1.3.6 | 12.54 | 146.89 | 159.43 | NOTE | |
r-release-macos-arm64 | 1.3.6 | 63.00 | NOTE | |||
r-release-macos-x86_64 | 1.3.6 | 101.00 | NOTE | |||
r-release-windows-x86_64 | 1.3.6 | 19.00 | 151.00 | 170.00 | NOTE | |
r-oldrel-macos-arm64 | 1.3.6 | 54.00 | OK | |||
r-oldrel-macos-x86_64 | 1.3.6 | 96.00 | OK | |||
r-oldrel-windows-x86_64 | 1.3.6 | 22.00 | 153.00 | 175.00 | OK |
Version: 1.3.6
Check: Rd files
Result: NOTE
checkRd: (-1) ALF.Rd:47: Escaped LaTeX specials: \&
checkRd: (-1) APEXMS.Rd:14: Lost braces in \enumerate; meant \describe ?
checkRd: (-1) APEXMS.Rd:15: Lost braces in \enumerate; meant \describe ?
Flavors: r-devel-linux-x86_64-debian-clang, r-devel-linux-x86_64-debian-gcc
Version: 1.3.6
Check: Rd files
Result: NOTE
checkRd: (-1) ALF.Rd:47: Escaped LaTeX specials: \&
Flavors: r-devel-linux-x86_64-fedora-clang, r-devel-linux-x86_64-fedora-gcc, r-devel-windows-x86_64, r-patched-linux-x86_64, r-release-linux-x86_64, r-release-macos-arm64, r-release-macos-x86_64, r-release-windows-x86_64