CRAN Package Check Results for Package aMNLFA

Last updated on 2020-04-01 01:48:43 CEST.

Flavor Version Tinstall Tcheck Ttotal Status Flags
r-devel-linux-x86_64-debian-clang 0.1 5.20 46.49 51.69 OK
r-devel-linux-x86_64-debian-gcc 0.1 4.37 35.60 39.97 OK
r-devel-linux-x86_64-fedora-clang 0.1 59.69 NOTE
r-devel-linux-x86_64-fedora-gcc 0.1 58.12 NOTE
r-devel-windows-ix86+x86_64 0.1 15.00 56.00 71.00 OK
r-devel-windows-ix86+x86_64-gcc8 0.1 14.00 60.00 74.00 OK
r-patched-linux-x86_64 0.1 5.03 44.14 49.17 OK
r-patched-solaris-x86 0.1 4.70 ERROR
r-release-linux-x86_64 0.1 3.98 42.10 46.08 OK
r-release-windows-ix86+x86_64 0.1 16.00 81.00 97.00 OK
r-release-osx-x86_64 0.1 NOTE
r-oldrel-windows-ix86+x86_64 0.1 11.00 81.00 92.00 OK
r-oldrel-osx-x86_64 0.1 NOTE

Check Details

Version: 0.1
Check: dependencies in R code
Result: NOTE
    Namespaces in Imports field not imported from:
     ‘devtools’ ‘gridExtra’
     All declared Imports should be used.
Flavors: r-devel-linux-x86_64-fedora-clang, r-devel-linux-x86_64-fedora-gcc, r-release-osx-x86_64, r-oldrel-osx-x86_64

Version: 0.1
Check: package dependencies
Result: ERROR
    Package required but not available: ‘devtools’
    
    See section ‘The DESCRIPTION file’ in the ‘Writing R Extensions’
    manual.
Flavor: r-patched-solaris-x86