CRAN Package Check Results for Package aaSEA

Last updated on 2020-07-08 01:49:11 CEST.

Flavor Version Tinstall Tcheck Ttotal Status Flags
r-devel-linux-x86_64-debian-clang 1.1.0 14.65 121.46 136.11 OK
r-devel-linux-x86_64-debian-gcc 1.1.0 10.85 90.77 101.62 OK
r-devel-linux-x86_64-fedora-clang 1.1.0 165.06 NOTE
r-devel-linux-x86_64-fedora-gcc 1.1.0 158.38 NOTE
r-devel-windows-ix86+x86_64 1.1.0 30.00 157.00 187.00 OK
r-patched-linux-x86_64 1.1.0 13.06 117.19 130.25 OK
r-patched-solaris-x86 1.1.0 206.10 WARN
r-release-linux-x86_64 1.1.0 11.93 116.32 128.25 OK
r-release-osx-x86_64 1.1.0 WARN
r-release-windows-ix86+x86_64 1.1.0 34.00 131.00 165.00 OK
r-oldrel-osx-x86_64 1.1.0 WARN
r-oldrel-windows-ix86+x86_64 1.1.0 41.00 198.00 239.00 OK

Check Details

Version: 1.1.0
Check: dependencies in R code
Result: NOTE
    Namespaces in Imports field not imported from:
     ‘DT’ ‘shinydashboard’
     All declared Imports should be used.
Flavors: r-devel-linux-x86_64-fedora-clang, r-devel-linux-x86_64-fedora-gcc, r-patched-solaris-x86, r-release-osx-x86_64, r-oldrel-osx-x86_64

Version: 1.1.0
Check: re-building of vignette outputs
Result: WARN
    Error(s) in re-building vignettes:
     ...
    --- re-building ‘aaSEA_Documentation.Rmd’ using rmarkdown
    Warning in engine$weave(file, quiet = quiet, encoding = enc) :
     Pandoc (>= 1.12.3) and/or pandoc-citeproc not available. Falling back to R Markdown v1.
    Warning: `arrange_()` is deprecated as of dplyr 0.7.0.
    Please use `arrange()` instead.
    See vignette('programming') for more help
    This warning is displayed once every 8 hours.
    Call `lifecycle::last_warnings()` to see where this warning was generated.
    Warning in RColorBrewer::brewer.pal(N, "Set2") :
     n too large, allowed maximum for palette Set2 is 8
    Returning the palette you asked for with that many colors
    
    Warning in RColorBrewer::brewer.pal(N, "Set2") :
     n too large, allowed maximum for palette Set2 is 8
    Returning the palette you asked for with that many colors
    
    Quitting from lines 90-91 (aaSEA_Documentation.Rmd)
    Error: processing vignette 'aaSEA_Documentation.Rmd' failed with diagnostics:
    there is no package called 'webshot'
    --- failed re-building ‘aaSEA_Documentation.Rmd’
    
    SUMMARY: processing the following file failed:
     ‘aaSEA_Documentation.Rmd’
    
    Error: Vignette re-building failed.
    Execution halted
Flavor: r-patched-solaris-x86

Version: 1.1.0
Check: re-building of vignette outputs
Result: WARN
    Error(s) in re-building vignettes:
    --- re-building ‘aaSEA_Documentation.Rmd’ using rmarkdown
    Warning in RColorBrewer::brewer.pal(N, "Set2") :
     n too large, allowed maximum for palette Set2 is 8
    Returning the palette you asked for with that many colors
    
    Warning in RColorBrewer::brewer.pal(N, "Set2") :
     n too large, allowed maximum for palette Set2 is 8
    Returning the palette you asked for with that many colors
    
    [WARNING] Could not parse YAML metadata at line 14 column 1: not an object
    dyld: lazy symbol binding failed: Symbol not found: ____chkstk_darwin
     Referenced from: /usr/local/bin/pandoc (which was built for Mac OS X 10.15)
     Expected in: /usr/lib/libSystem.B.dylib
    
    dyld: Symbol not found: ____chkstk_darwin
     Referenced from: /usr/local/bin/pandoc (which was built for Mac OS X 10.15)
     Expected in: /usr/lib/libSystem.B.dylib
    
    Error: processing vignette 'aaSEA_Documentation.Rmd' failed with diagnostics:
    pandoc document conversion failed with error 6
    --- failed re-building ‘aaSEA_Documentation.Rmd’
    
    SUMMARY: processing the following file failed:
     ‘aaSEA_Documentation.Rmd’
    
    Error: Vignette re-building failed.
    Execution halted
Flavor: r-release-osx-x86_64

Version: 1.1.0
Check: re-building of vignette outputs
Result: WARN
    Error(s) in re-building vignettes:
    --- re-building ‘aaSEA_Documentation.Rmd’ using rmarkdown
    Warning in engine$weave(file, quiet = quiet, encoding = enc) :
     Pandoc (>= 1.12.3) and/or pandoc-citeproc not available. Falling back to R Markdown v1.
    Warning in RColorBrewer::brewer.pal(N, "Set2") :
     n too large, allowed maximum for palette Set2 is 8
    Returning the palette you asked for with that many colors
    
    Warning in RColorBrewer::brewer.pal(N, "Set2") :
     n too large, allowed maximum for palette Set2 is 8
    Returning the palette you asked for with that many colors
    
    Warning in normalizePath(f2) :
     path[1]="webshot3f472895632b.png": No such file or directory
    Warning in file(con, "rb") :
     cannot open file 'webshot3f472895632b.png': No such file or directory
    Quitting from lines 90-91 (aaSEA_Documentation.Rmd)
    Error: processing vignette 'aaSEA_Documentation.Rmd' failed with diagnostics:
    cannot open the connection
    --- failed re-building ‘aaSEA_Documentation.Rmd’
    
    SUMMARY: processing the following file failed:
     ‘aaSEA_Documentation.Rmd’
    
    Error: Vignette re-building failed.
    Execution halted
Flavor: r-oldrel-osx-x86_64