Last updated on 2023-02-07 00:54:08 CET.
Flavor | Version | Tinstall | Tcheck | Ttotal | Status | Flags |
---|---|---|---|---|---|---|
r-devel-linux-x86_64-debian-clang | 0.5.5 | 6.52 | 62.38 | 68.90 | NOTE | |
r-devel-linux-x86_64-debian-gcc | 0.5.5 | 5.96 | 46.93 | 52.89 | NOTE | |
r-devel-linux-x86_64-fedora-clang | 0.5.5 | 88.52 | NOTE | |||
r-devel-linux-x86_64-fedora-gcc | 0.5.5 | 98.54 | NOTE | |||
r-devel-windows-x86_64 | 0.5.5 | 30.00 | 106.00 | 136.00 | NOTE | |
r-patched-linux-x86_64 | 0.5.5 | 7.06 | 61.54 | 68.60 | NOTE | |
r-release-linux-x86_64 | 0.5.5 | 4.64 | 58.56 | 63.20 | NOTE | |
r-release-macos-arm64 | 0.5.5 | 27.00 | NOTE | |||
r-release-macos-x86_64 | 0.5.5 | 54.00 | NOTE | |||
r-release-windows-x86_64 | 0.5.5 | 29.00 | 109.00 | 138.00 | NOTE | |
r-oldrel-macos-arm64 | 0.5.5 | 32.00 | NOTE | |||
r-oldrel-macos-x86_64 | 0.5.5 | 52.00 | NOTE | |||
r-oldrel-windows-ix86+x86_64 | 0.5.5 | 16.00 | 100.00 | 116.00 | NOTE |
Version: 0.5.5
Check: LazyData
Result: NOTE
'LazyData' is specified without a 'data' directory
Flavors: r-devel-linux-x86_64-debian-clang, r-devel-linux-x86_64-debian-gcc, r-devel-linux-x86_64-fedora-clang, r-devel-linux-x86_64-fedora-gcc, r-devel-windows-x86_64, r-patched-linux-x86_64, r-release-linux-x86_64, r-release-macos-arm64, r-release-macos-x86_64, r-release-windows-x86_64, r-oldrel-macos-arm64, r-oldrel-macos-x86_64, r-oldrel-windows-ix86+x86_64