CRAN Package Check Results for Package abjutils

Last updated on 2020-04-08 01:48:48 CEST.

Flavor Version Tinstall Tcheck Ttotal Status Flags
r-devel-linux-x86_64-debian-clang 0.2.3 3.41 27.50 30.91 NOTE
r-devel-linux-x86_64-debian-gcc 0.2.3 2.37 22.24 24.61 NOTE
r-devel-linux-x86_64-fedora-clang 0.2.3 37.45 NOTE
r-devel-linux-x86_64-fedora-gcc 0.2.3 35.92 NOTE
r-devel-windows-ix86+x86_64 0.2.3 10.00 45.00 55.00 NOTE
r-devel-windows-ix86+x86_64-gcc8 0.2.3 12.00 42.00 54.00 NOTE
r-patched-linux-x86_64 0.2.3 2.73 27.00 29.73 NOTE
r-patched-solaris-x86 0.2.3 57.30 NOTE
r-release-linux-x86_64 0.2.3 2.52 24.89 27.41 NOTE
r-release-windows-ix86+x86_64 0.2.3 7.00 71.00 78.00 NOTE
r-release-osx-x86_64 0.2.3 NOTE
r-oldrel-windows-ix86+x86_64 0.2.3 5.00 40.00 45.00 NOTE
r-oldrel-osx-x86_64 0.2.3 NOTE

Check Details

Version: 0.2.3
Check: dependencies in R code
Result: NOTE
    Missing or unexported object: 'devtools::use_package'
Flavors: r-devel-linux-x86_64-debian-clang, r-devel-linux-x86_64-debian-gcc, r-devel-windows-ix86+x86_64, r-devel-windows-ix86+x86_64-gcc8, r-patched-linux-x86_64, r-release-linux-x86_64, r-release-windows-ix86+x86_64, r-oldrel-windows-ix86+x86_64

Version: 0.2.3
Check: dependencies in R code
Result: NOTE
    Namespaces in Imports field not imported from:
     ‘httr’ ‘progress’
     All declared Imports should be used.
    Missing or unexported object: ‘devtools::use_package’
Flavors: r-devel-linux-x86_64-fedora-clang, r-devel-linux-x86_64-fedora-gcc, r-patched-solaris-x86

Version: 0.2.3
Check: dependencies in R code
Result: NOTE
    Namespaces in Imports field not imported from:
     ‘httr’ ‘progress’
     All declared Imports should be used.
Flavors: r-release-osx-x86_64, r-oldrel-osx-x86_64