CRAN Package Check Results for Package abjutils

Last updated on 2021-11-30 00:51:21 CET.

Flavor Version Tinstall Tcheck Ttotal Status Flags
r-devel-linux-x86_64-debian-clang 0.3.1 2.64 26.86 29.50 NOTE
r-devel-linux-x86_64-debian-gcc 0.3.1 2.04 21.38 23.42 NOTE
r-devel-linux-x86_64-fedora-clang 0.3.1 47.83 NOTE
r-devel-linux-x86_64-fedora-gcc 0.3.1 37.02 NOTE
r-devel-windows-x86_64-new-UL 0.3.1 8.00 72.00 80.00 NOTE
r-devel-windows-x86_64-new-TK 0.3.1 NOTE
r-devel-windows-x86_64-old 0.3.1 6.00 35.00 41.00 NOTE
r-patched-linux-x86_64 0.3.1 2.83 25.68 28.51 NOTE
r-patched-solaris-x86 0.3.1 57.30 NOTE
r-release-linux-x86_64 0.3.1 2.45 25.64 28.09 NOTE
r-release-macos-arm64 0.3.1 NOTE
r-release-macos-x86_64 0.3.1 NOTE
r-release-windows-ix86+x86_64 0.3.1 6.00 36.00 42.00 NOTE
r-oldrel-macos-x86_64 0.3.1 OK
r-oldrel-windows-ix86+x86_64 0.3.1 4.00 33.00 37.00 OK

Check Details

Version: 0.3.1
Check: LazyData
Result: NOTE
     'LazyData' is specified without a 'data' directory
Flavors: r-devel-linux-x86_64-debian-clang, r-devel-linux-x86_64-debian-gcc, r-devel-linux-x86_64-fedora-clang, r-devel-linux-x86_64-fedora-gcc, r-devel-windows-x86_64-new-UL, r-devel-windows-x86_64-new-TK, r-devel-windows-x86_64-old, r-patched-linux-x86_64, r-patched-solaris-x86, r-release-linux-x86_64, r-release-macos-arm64, r-release-macos-x86_64, r-release-windows-ix86+x86_64

Version: 0.3.1
Check: Rd cross-references
Result: NOTE
    Undeclared package ‘httr’ in Rd xrefs
Flavor: r-devel-linux-x86_64-fedora-clang